{"id":5532,"date":"2022-12-01T10:53:51","date_gmt":"2022-12-01T09:53:51","guid":{"rendered":"https:\/\/sp58lodz.edu.pl\/?page_id=5532"},"modified":"2022-12-01T10:54:11","modified_gmt":"2022-12-01T09:54:11","slug":"%d1%80%d0%be%d0%b7%d0%ba%d0%bb%d0%b0%d0%b4-%d0%b4%d0%b7%d0%b2%d1%96%d0%bd%d0%ba%d1%96%d0%b2","status":"publish","type":"page","link":"https:\/\/sp58lodz.edu.pl\/?page_id=5532","title":{"rendered":"\u0420\u043e\u0437\u043a\u043b\u0430\u0434 \u0434\u0437\u0432\u0456\u043d\u043a\u0456\u0432"},"content":{"rendered":"\n<p><\/p>\n\n\n\n<figure class=\"wp-block-table\"><table><tbody><tr><td><strong>\u041b\u0435\u043a\u0446\u0456\u044f<\/strong><\/td><td><strong>&nbsp;<\/strong><\/td><td><strong>\u041e\u0431\u0456\u0434<\/strong><\/td><\/tr><tr><td><strong>1<\/strong><\/td><td><strong>8.00 \u2013 8.45<\/strong><\/td><td><strong>&nbsp;<\/strong><\/td><\/tr><tr><td><strong>2<\/strong><\/td><td><strong>8.55 \u2013 9.40<\/strong><\/td><td><strong>&nbsp;<\/strong><\/td><\/tr><tr><td><strong>3<\/strong><\/td><td><strong>9.50 \u2013 10.35<\/strong><\/td><td><strong>&nbsp;<\/strong><\/td><\/tr><tr><td><strong>4<\/strong><\/td><td><strong>10.45 \u2013 11.30<\/strong>&nbsp;<\/td><td><strong>11.00 \u2013 12.00 \u043e\u0431\u0456\u0434 \u0434\u043b\u044f \u0443\u0447\u043d\u0456\u0432 \u043a\u043b\u0430\u0441 I \u2013 III&nbsp;&nbsp;&nbsp;&nbsp; IAB,IIAB,IIIAB<\/strong><\/td><\/tr><tr><td><strong>&nbsp;5<\/strong><\/td><td><strong>11.40 \u2013 12.25<\/strong>&nbsp;<\/td><td><strong>&nbsp;<\/strong>&nbsp;<strong>12.25 \u2013 12.45&nbsp; \u041a\u043b\u0430\u0441\u0438 IV \u2013 VI<\/strong><\/td><\/tr><tr><td><strong>6<\/strong><\/td><td><strong>12.45 \u2013 13.30<\/strong>&nbsp;<\/td><td><strong>&nbsp;<\/strong>&nbsp;<strong>13.30 \u2013 13.50&nbsp; \u041a\u043b\u0430\u0441\u0438 VII \u2013 VIII<\/strong><\/td><\/tr><tr><td><strong>7<\/strong><\/td><td><strong>13.50 \u2013 14.35<\/strong><\/td><td><strong>&nbsp;<\/strong><\/td><\/tr><tr><td><strong>8<\/strong><\/td><td><strong>14.45 \u2013 15.30<\/strong><\/td><td><strong>&nbsp;<\/strong><\/td><\/tr><tr><td><strong>9<\/strong><\/td><td><strong>15.40 \u2013 16.25<\/strong><\/td><td><strong>&nbsp;<\/strong><\/td><\/tr><\/tbody><\/table><\/figure>\n","protected":false},"excerpt":{"rendered":"<p>\u041b\u0435\u043a\u0446\u0456\u044f &nbsp; \u041e\u0431\u0456\u0434 1 8.00 \u2013 8.45 &nbsp; 2 8.55 \u2013 9.40 &nbsp; 3 9.50 \u2013 10.35 &nbsp; 4 10.45 \u2013 11.30&nbsp; 11.00 \u2013 12.00 \u043e\u0431\u0456\u0434 \u0434\u043b\u044f \u0443\u0447\u043d\u0456\u0432 \u043a\u043b\u0430\u0441 I \u2013 III&nbsp;&nbsp;&nbsp;&nbsp; IAB,IIAB,IIIAB &nbsp;5 11.40 \u2013 12.25&nbsp; &nbsp;&nbsp;12.25 \u2013 12.45&nbsp;&hellip; <a class=\"continue\" href=\"https:\/\/sp58lodz.edu.pl\/?page_id=5532\">Continue Reading<span> \u0420\u043e\u0437\u043a\u043b\u0430\u0434 \u0434\u0437\u0432\u0456\u043d\u043a\u0456\u0432<\/span><\/a><\/p>\n","protected":false},"author":2,"featured_media":0,"parent":0,"menu_order":0,"comment_status":"closed","ping_status":"closed","template":"","meta":{"footnotes":""},"class_list":["post-5532","page","type-page","status-publish","hentry"],"yoast_head":"<!-- This site is optimized with the Yoast SEO plugin v27.4 - https:\/\/yoast.com\/product\/yoast-seo-wordpress\/ -->\n<title>\u0420\u043e\u0437\u043a\u043b\u0430\u0434 \u0434\u0437\u0432\u0456\u043d\u043a\u0456\u0432 - Szko\u0142a Podstawowa nr 58 im. Melchiora Wa\u0144kowicza w \u0141odzi<\/title>\n<meta name=\"robots\" content=\"index, follow, max-snippet:-1, max-image-preview:large, max-video-preview:-1\" \/>\n<link rel=\"canonical\" href=\"https:\/\/sp58lodz.edu.pl\/?page_id=5532\" \/>\n<meta property=\"og:locale\" content=\"pl_PL\" \/>\n<meta property=\"og:type\" content=\"article\" \/>\n<meta property=\"og:title\" content=\"\u0420\u043e\u0437\u043a\u043b\u0430\u0434 \u0434\u0437\u0432\u0456\u043d\u043a\u0456\u0432 - Szko\u0142a Podstawowa nr 58 im. Melchiora Wa\u0144kowicza w \u0141odzi\" \/>\n<meta property=\"og:description\" content=\"\u041b\u0435\u043a\u0446\u0456\u044f &nbsp; \u041e\u0431\u0456\u0434 1 8.00 \u2013 8.45 &nbsp; 2 8.55 \u2013 9.40 &nbsp; 3 9.50 \u2013 10.35 &nbsp; 4 10.45 \u2013 11.30&nbsp; 11.00 \u2013 12.00 \u043e\u0431\u0456\u0434 \u0434\u043b\u044f \u0443\u0447\u043d\u0456\u0432 \u043a\u043b\u0430\u0441 I \u2013 III&nbsp;&nbsp;&nbsp;&nbsp; IAB,IIAB,IIIAB &nbsp;5 11.40 \u2013 12.25&nbsp; &nbsp;&nbsp;12.25 \u2013 12.45&nbsp;&hellip; Continue Reading \u0420\u043e\u0437\u043a\u043b\u0430\u0434 \u0434\u0437\u0432\u0456\u043d\u043a\u0456\u0432\" \/>\n<meta property=\"og:url\" content=\"https:\/\/sp58lodz.edu.pl\/?page_id=5532\" \/>\n<meta property=\"og:site_name\" content=\"Szko\u0142a Podstawowa nr 58 im. Melchiora Wa\u0144kowicza w \u0141odzi\" \/>\n<meta property=\"article:modified_time\" content=\"2022-12-01T09:54:11+00:00\" \/>\n<meta name=\"twitter:card\" content=\"summary_large_image\" \/>\n<meta name=\"twitter:label1\" content=\"Szacowany czas czytania\" \/>\n\t<meta name=\"twitter:data1\" content=\"1 minuta\" \/>\n<script type=\"application\/ld+json\" class=\"yoast-schema-graph\">{\"@context\":\"https:\\\/\\\/schema.org\",\"@graph\":[{\"@type\":\"WebPage\",\"@id\":\"https:\\\/\\\/sp58lodz.edu.pl\\\/?page_id=5532\",\"url\":\"https:\\\/\\\/sp58lodz.edu.pl\\\/?page_id=5532\",\"name\":\"\u0420\u043e\u0437\u043a\u043b\u0430\u0434 \u0434\u0437\u0432\u0456\u043d\u043a\u0456\u0432 - Szko\u0142a Podstawowa nr 58 im. Melchiora Wa\u0144kowicza w \u0141odzi\",\"isPartOf\":{\"@id\":\"https:\\\/\\\/sp58lodz.edu.pl\\\/#website\"},\"datePublished\":\"2022-12-01T09:53:51+00:00\",\"dateModified\":\"2022-12-01T09:54:11+00:00\",\"breadcrumb\":{\"@id\":\"https:\\\/\\\/sp58lodz.edu.pl\\\/?page_id=5532#breadcrumb\"},\"inLanguage\":\"pl-PL\",\"potentialAction\":[{\"@type\":\"ReadAction\",\"target\":[\"https:\\\/\\\/sp58lodz.edu.pl\\\/?page_id=5532\"]}]},{\"@type\":\"BreadcrumbList\",\"@id\":\"https:\\\/\\\/sp58lodz.edu.pl\\\/?page_id=5532#breadcrumb\",\"itemListElement\":[{\"@type\":\"ListItem\",\"position\":1,\"name\":\"Strona g\u0142\u00f3wna\",\"item\":\"https:\\\/\\\/sp58lodz.edu.pl\\\/\"},{\"@type\":\"ListItem\",\"position\":2,\"name\":\"\u0420\u043e\u0437\u043a\u043b\u0430\u0434 \u0434\u0437\u0432\u0456\u043d\u043a\u0456\u0432\"}]},{\"@type\":\"WebSite\",\"@id\":\"https:\\\/\\\/sp58lodz.edu.pl\\\/#website\",\"url\":\"https:\\\/\\\/sp58lodz.edu.pl\\\/\",\"name\":\"Szko\u0142a Podstawowa nr 58 im. Melchiora Wa\u0144kowicza w \u0141odzi\",\"description\":\"Strona Szko\u0142y Podstawowej nr 58 w \u0141odzi\",\"publisher\":{\"@id\":\"https:\\\/\\\/sp58lodz.edu.pl\\\/#organization\"},\"potentialAction\":[{\"@type\":\"SearchAction\",\"target\":{\"@type\":\"EntryPoint\",\"urlTemplate\":\"https:\\\/\\\/sp58lodz.edu.pl\\\/?s={search_term_string}\"},\"query-input\":{\"@type\":\"PropertyValueSpecification\",\"valueRequired\":true,\"valueName\":\"search_term_string\"}}],\"inLanguage\":\"pl-PL\"},{\"@type\":\"Organization\",\"@id\":\"https:\\\/\\\/sp58lodz.edu.pl\\\/#organization\",\"name\":\"Szko\u0142a Podstawowa nr 58 im. Melchiora Wa\u0144kowicza w \u0141odzi\",\"url\":\"https:\\\/\\\/sp58lodz.edu.pl\\\/\",\"logo\":{\"@type\":\"ImageObject\",\"inLanguage\":\"pl-PL\",\"@id\":\"https:\\\/\\\/sp58lodz.edu.pl\\\/#\\\/schema\\\/logo\\\/image\\\/\",\"url\":\"https:\\\/\\\/sp58lodz.edu.pl\\\/wp-content\\\/uploads\\\/2019\\\/01\\\/cropped-cropped-logo_pat-e1601973191516.png\",\"contentUrl\":\"https:\\\/\\\/sp58lodz.edu.pl\\\/wp-content\\\/uploads\\\/2019\\\/01\\\/cropped-cropped-logo_pat-e1601973191516.png\",\"width\":140,\"height\":140,\"caption\":\"Szko\u0142a Podstawowa nr 58 im. Melchiora Wa\u0144kowicza w \u0141odzi\"},\"image\":{\"@id\":\"https:\\\/\\\/sp58lodz.edu.pl\\\/#\\\/schema\\\/logo\\\/image\\\/\"}}]}<\/script>\n<!-- \/ Yoast SEO plugin. -->","yoast_head_json":{"title":"\u0420\u043e\u0437\u043a\u043b\u0430\u0434 \u0434\u0437\u0432\u0456\u043d\u043a\u0456\u0432 - Szko\u0142a Podstawowa nr 58 im. Melchiora Wa\u0144kowicza w \u0141odzi","robots":{"index":"index","follow":"follow","max-snippet":"max-snippet:-1","max-image-preview":"max-image-preview:large","max-video-preview":"max-video-preview:-1"},"canonical":"https:\/\/sp58lodz.edu.pl\/?page_id=5532","og_locale":"pl_PL","og_type":"article","og_title":"\u0420\u043e\u0437\u043a\u043b\u0430\u0434 \u0434\u0437\u0432\u0456\u043d\u043a\u0456\u0432 - Szko\u0142a Podstawowa nr 58 im. Melchiora Wa\u0144kowicza w \u0141odzi","og_description":"\u041b\u0435\u043a\u0446\u0456\u044f &nbsp; \u041e\u0431\u0456\u0434 1 8.00 \u2013 8.45 &nbsp; 2 8.55 \u2013 9.40 &nbsp; 3 9.50 \u2013 10.35 &nbsp; 4 10.45 \u2013 11.30&nbsp; 11.00 \u2013 12.00 \u043e\u0431\u0456\u0434 \u0434\u043b\u044f \u0443\u0447\u043d\u0456\u0432 \u043a\u043b\u0430\u0441 I \u2013 III&nbsp;&nbsp;&nbsp;&nbsp; IAB,IIAB,IIIAB &nbsp;5 11.40 \u2013 12.25&nbsp; &nbsp;&nbsp;12.25 \u2013 12.45&nbsp;&hellip; Continue Reading \u0420\u043e\u0437\u043a\u043b\u0430\u0434 \u0434\u0437\u0432\u0456\u043d\u043a\u0456\u0432","og_url":"https:\/\/sp58lodz.edu.pl\/?page_id=5532","og_site_name":"Szko\u0142a Podstawowa nr 58 im. Melchiora Wa\u0144kowicza w \u0141odzi","article_modified_time":"2022-12-01T09:54:11+00:00","twitter_card":"summary_large_image","twitter_misc":{"Szacowany czas czytania":"1 minuta"},"schema":{"@context":"https:\/\/schema.org","@graph":[{"@type":"WebPage","@id":"https:\/\/sp58lodz.edu.pl\/?page_id=5532","url":"https:\/\/sp58lodz.edu.pl\/?page_id=5532","name":"\u0420\u043e\u0437\u043a\u043b\u0430\u0434 \u0434\u0437\u0432\u0456\u043d\u043a\u0456\u0432 - Szko\u0142a Podstawowa nr 58 im. Melchiora Wa\u0144kowicza w \u0141odzi","isPartOf":{"@id":"https:\/\/sp58lodz.edu.pl\/#website"},"datePublished":"2022-12-01T09:53:51+00:00","dateModified":"2022-12-01T09:54:11+00:00","breadcrumb":{"@id":"https:\/\/sp58lodz.edu.pl\/?page_id=5532#breadcrumb"},"inLanguage":"pl-PL","potentialAction":[{"@type":"ReadAction","target":["https:\/\/sp58lodz.edu.pl\/?page_id=5532"]}]},{"@type":"BreadcrumbList","@id":"https:\/\/sp58lodz.edu.pl\/?page_id=5532#breadcrumb","itemListElement":[{"@type":"ListItem","position":1,"name":"Strona g\u0142\u00f3wna","item":"https:\/\/sp58lodz.edu.pl\/"},{"@type":"ListItem","position":2,"name":"\u0420\u043e\u0437\u043a\u043b\u0430\u0434 \u0434\u0437\u0432\u0456\u043d\u043a\u0456\u0432"}]},{"@type":"WebSite","@id":"https:\/\/sp58lodz.edu.pl\/#website","url":"https:\/\/sp58lodz.edu.pl\/","name":"Szko\u0142a Podstawowa nr 58 im. Melchiora Wa\u0144kowicza w \u0141odzi","description":"Strona Szko\u0142y Podstawowej nr 58 w \u0141odzi","publisher":{"@id":"https:\/\/sp58lodz.edu.pl\/#organization"},"potentialAction":[{"@type":"SearchAction","target":{"@type":"EntryPoint","urlTemplate":"https:\/\/sp58lodz.edu.pl\/?s={search_term_string}"},"query-input":{"@type":"PropertyValueSpecification","valueRequired":true,"valueName":"search_term_string"}}],"inLanguage":"pl-PL"},{"@type":"Organization","@id":"https:\/\/sp58lodz.edu.pl\/#organization","name":"Szko\u0142a Podstawowa nr 58 im. Melchiora Wa\u0144kowicza w \u0141odzi","url":"https:\/\/sp58lodz.edu.pl\/","logo":{"@type":"ImageObject","inLanguage":"pl-PL","@id":"https:\/\/sp58lodz.edu.pl\/#\/schema\/logo\/image\/","url":"https:\/\/sp58lodz.edu.pl\/wp-content\/uploads\/2019\/01\/cropped-cropped-logo_pat-e1601973191516.png","contentUrl":"https:\/\/sp58lodz.edu.pl\/wp-content\/uploads\/2019\/01\/cropped-cropped-logo_pat-e1601973191516.png","width":140,"height":140,"caption":"Szko\u0142a Podstawowa nr 58 im. Melchiora Wa\u0144kowicza w \u0141odzi"},"image":{"@id":"https:\/\/sp58lodz.edu.pl\/#\/schema\/logo\/image\/"}}]}},"_links":{"self":[{"href":"https:\/\/sp58lodz.edu.pl\/index.php?rest_route=\/wp\/v2\/pages\/5532","targetHints":{"allow":["GET"]}}],"collection":[{"href":"https:\/\/sp58lodz.edu.pl\/index.php?rest_route=\/wp\/v2\/pages"}],"about":[{"href":"https:\/\/sp58lodz.edu.pl\/index.php?rest_route=\/wp\/v2\/types\/page"}],"author":[{"embeddable":true,"href":"https:\/\/sp58lodz.edu.pl\/index.php?rest_route=\/wp\/v2\/users\/2"}],"replies":[{"embeddable":true,"href":"https:\/\/sp58lodz.edu.pl\/index.php?rest_route=%2Fwp%2Fv2%2Fcomments&post=5532"}],"version-history":[{"count":1,"href":"https:\/\/sp58lodz.edu.pl\/index.php?rest_route=\/wp\/v2\/pages\/5532\/revisions"}],"predecessor-version":[{"id":5533,"href":"https:\/\/sp58lodz.edu.pl\/index.php?rest_route=\/wp\/v2\/pages\/5532\/revisions\/5533"}],"wp:attachment":[{"href":"https:\/\/sp58lodz.edu.pl\/index.php?rest_route=%2Fwp%2Fv2%2Fmedia&parent=5532"}],"curies":[{"name":"wp","href":"https:\/\/api.w.org\/{rel}","templated":true}]}}