{"id":5525,"date":"2022-12-01T10:49:09","date_gmt":"2022-12-01T09:49:09","guid":{"rendered":"https:\/\/sp58lodz.edu.pl\/?page_id=5525"},"modified":"2023-01-23T10:56:47","modified_gmt":"2023-01-23T09:56:47","slug":"%d1%96%d0%bd%d1%84%d0%be%d1%80%d0%bc%d0%b0%d1%86%d1%96%d1%8f-%d0%bf%d1%80%d0%be-%d0%be%d0%b1%d1%96%d0%b4%d0%b8-%d0%b2-%d1%88%d0%ba%d1%96%d0%bb%d1%8c%d0%bd%d1%96%d0%b9-%d1%97%d0%b4%d0%b0%d0%bb%d1%8c","status":"publish","type":"page","link":"https:\/\/sp58lodz.edu.pl\/?page_id=5525","title":{"rendered":"<strong>\u0406\u043d\u0444\u043e\u0440\u043c\u0430\u0446\u0456\u044f \u043f\u0440\u043e \u043e\u0431\u0456\u0434\u0438 \u0432 \u0448\u043a\u0456\u043b\u044c\u043d\u0456\u0439 \u0457\u0434\u0430\u043b\u044c\u043d\u0456.<\/strong>"},"content":{"rendered":"\n<p>\u0406\u043d\u0444\u043e\u0440\u043c\u0430\u0446\u0456\u044f \u043f\u0440\u043e \u043e\u0431\u0456\u0434\u0438 \u0432 \u0448\u043a\u0456\u043b\u044c\u043d\u0456\u0439 \u0457\u0434\u0430\u043b\u044c\u043d\u0456.<\/p>\n\n\n\n<p>\u041f\u043b\u0430\u0442\u0430 \u0437\u0430 \u043e\u0431\u0456\u0434\u0438 \u0432\u043d\u043e\u0441\u0438\u0442\u044c\u0441\u044f \u043d\u0430 \u0440\u0430\u0445\u0443\u043d\u043e\u043a \u043f\u0440\u043e\u0442\u044f\u0433\u043e\u043c 1-10 \u0447\u0438\u0441\u043b\u0430 \u043a\u043e\u0436\u043d\u043e\u0433\u043e \u043c\u0456\u0441\u044f\u0446\u044f ( \u043f\u043b\u0430\u0442\u0438\u043c\u043e \u0442\u0456\u043b\u044c\u043a\u0438 \u0437\u0430 \u043f\u0435\u0432\u043d\u0438\u0439 \u043c\u0456\u0441\u044f\u0446\u044c).<\/p>\n\n\n\n<p>&nbsp;\u041d\u043e\u043c\u0435\u0440 \u0440\u0430\u0445\u0443\u043d\u043a\u0443 \u0432 \u0431\u0430\u043d\u043a\u0443 Pekao:&nbsp;<strong>30 1240 1037 1111 0011 0916 7401<\/strong>.<\/p>\n\n\n\n<p><strong>\u0412 <\/strong><strong>tytule<\/strong><strong> <\/strong><strong>wp<\/strong><strong>\u0142<\/strong><strong>aty<\/strong><strong> \u0432\u0432\u0435\u0434\u0456\u0442\u044c: \u0456\u043c\u2019\u044f \u0442\u0430 \u043f\u0440\u0456\u0437\u0432\u0438\u0449\u0435 \u0434\u0438\u0442\u0438\u043d\u0438, \u043a\u043b\u0430\u0441 \u0442\u0430 \u0437\u0430 \u044f\u043a\u0438\u0439 \u043c\u0456\u0441\u044f\u0446\u044c \u043e\u043f\u043b\u0430\u0447\u0443\u0454\u0442\u0435.<\/strong><\/p>\n\n\n\n<figure class=\"wp-block-table\"><table><tbody><tr><td>Miesi\u0105c<\/td><td>\u041a\u0456\u043b\u044c\u043a\u0456\u0441\u0442\u044c \u0434\u043d\u0456\u0432 \u0445\u0430\u0440\u0447\u0443\u0432\u0430\u043d\u043d\u044f<\/td><td>\u041e\u0434\u043d\u043e\u0440\u0430\u0437\u043e\u0432\u0430 \u0441\u0443\u043c\u0430 \u043e\u0431\u0456\u0434\u0443<\/td><td>\u0420\u0430\u0437\u043e\u043c<\/td><\/tr><tr><td>\u0412\u0435\u0440\u0435\u0441\u0435\u043d\u044c 2022 r.<\/td><td>20<\/td><td>6,00 z\u0142.<\/td><td>120,00 z\u0142<\/td><\/tr><tr><td>\u0416\u043e\u0432\u0442\u0435\u043d\u044c 2022 r.<\/td><td>19<\/td><td>6,00 z\u0142.<\/td><td>114,00 z\u0142.<\/td><\/tr><tr><td>\u041b\u0438\u0441\u0442\u043e\u043f\u0430\u0434 2022 r.<\/td><td>19<\/td><td>6,00 z\u0142.<\/td><td>114,00 z\u0142.<\/td><\/tr><tr><td>\u0413\u0440\u0443\u0434\u0435\u043d\u044c 2022 r.<\/td><td>15<\/td><td>6,00 z\u0142.<\/td><td>90,00 z\u0142.<\/td><\/tr><tr><td>\u0421\u0456\u0447\u0435\u043d\u044c 2023 r.<\/td><td>11<\/td><td>6,00 z\u0142.<\/td><td>66,00 z\u0142.<\/td><\/tr><tr><td>\u041b\u044e\u0442\u0438\u0439 2023 r.<\/td><td>20<\/td><td>6,00 z\u0142.<\/td><td>120,00 z\u0142.<\/td><\/tr><tr><td>\u0411\u0435\u0440\u0435\u0437\u0435\u043d\u044c 2023 r.<\/td><td>23<\/td><td>6,00 z\u0142.<\/td><td>138,00 z\u0142.<\/td><\/tr><tr><td>\u041a\u0432\u0456\u0442\u0435\u043d\u044c 2023 r.<\/td><td>16<\/td><td>6,00 z\u0142.<\/td><td>96,00 z\u0142.<\/td><\/tr><tr><td>\u0422\u0440\u0430\u0432\u0435\u043d\u044c 2023 r.<\/td><td>17<\/td><td>6,00 z\u0142.<\/td><td>102,00 z\u0142.<\/td><\/tr><tr><td>\u0427\u0435\u0440\u0432\u0435\u043d\u044c 2023 r.<\/td><td>13<\/td><td>6,00 z\u0142.<\/td><td>78,00 z\u0142.<\/td><\/tr><\/tbody><\/table><\/figure>\n\n\n\n<p><em>\u0414\u043e\u0431\u043e\u0432\u0430 \u043f\u043b\u0430\u0442\u0430 \u0437\u0430 \u0445\u0430\u0440\u0447\u0443\u0432\u0430\u043d\u043d\u044f \u0437\u0430 \u043f\u0435\u0440\u0448\u0438\u0439 \u0434\u0435\u043d\u044c \u043d\u0435\u044f\u0432\u043a\u0438 \u0430\u0431\u043e \u0434\u0435\u043d\u044c \u043f\u043e\u0432\u0456\u0434\u043e\u043c\u043b\u0435\u043d\u043d\u044f \u043f\u0440\u043e \u0432\u0456\u0434\u043c\u043e\u0432\u0443 \u0432\u0456\u0434 \u0445\u0430\u0440\u0447\u0443\u0432\u0430\u043d\u043d\u044f \u043f\u043e\u0432\u0435\u0440\u0442\u0430\u0454\u0442\u044c\u0441\u044f, \u044f\u043a\u0449\u043e \u043f\u0440\u043e \u0432\u0456\u0434\u0441\u0443\u0442\u043d\u0456\u0441\u0442\u044c \u0430\u0431\u043e \u0432\u0456\u0434\u043c\u043e\u0432\u0443 \u043f\u043e\u0432\u0456\u0434\u043e\u043c\u043b\u0435\u043d\u043e <\/em><em>&nbsp;<\/em><em><u>\u043d\u0435 \u043f\u0456\u0437\u043d\u0456\u0448\u0435, \u043d\u0456\u0436 \u0437\u0430 \u0434\u0435\u043d\u044c \u0434\u043e \u043d\u0435\u044f\u0432\u043a\u0438.<\/u><\/em><\/p>\n\n\n\n<p><strong><em>\u0417\u0430\u044f\u0432\u043a\u0438 \u043f\u0440\u043e\u0441\u0438\u043c\u043e \u043f\u043e\u0434\u0430\u0432\u0430\u0442\u0438 \u0432 \u0441\u0435\u043a\u0440\u0435\u0442\u0430\u0440\u0456\u0430\u0442 \u0448\u043a\u043e\u043b\u0438 \u043e\u0441\u043e\u0431\u0438\u0441\u0442\u043e \u0430\u0431\u043e \u0437\u0430 \u0442\u0435\u043b\u0435\u0444\u043e\u043d\u043e\u043c 42 655 34 50.<\/em><\/strong><\/p>\n\n\n\n<p><strong><em>\u0412\u0456\u0434\u0440\u0430\u0445\u0443\u0432\u0430\u043d\u043d\u044f \u043a\u043e\u0448\u0442\u0456\u0432 \u0437\u0430 \u043f\u043e\u0432\u0456\u0434\u043e\u043c\u043b\u0435\u043d\u0443 \u0432\u0456\u0434\u0441\u0443\u0442\u043d\u0456\u0441\u0442\u044c \u0434\u0438\u0442\u0438\u043d\u0438 \u0432 \u0448\u043a\u043e\u043b\u0456, \u043f\u0440\u043e\u0441\u0438\u043c\u043e \u0443\u0437\u0433\u043e\u0434\u0438\u0442\u0438 \u0437 \u043f\u0440\u0430\u0446\u0456\u0432\u043d\u0438\u043a\u0430\u043c\u0438 \u0441\u0435\u043a\u0440\u0435\u0442\u0430\u0440\u0456\u0430\u0442\u0443. \u0421\u0443\u043c\u0430 \u0437\u0430 \u043f\u0435\u0432\u043d\u0438\u0439 \u043c\u0456\u0441\u044f\u0446\u044c \u0432\u0438\u0440\u0430\u0445\u043e\u0432\u0443\u0454\u0442\u044c\u0441\u044f \u0432 \u043d\u0430\u0441\u0442\u0443\u043f\u043d\u043e\u043c\u0443 \u043c\u0456\u0441\u044f\u0446\u0456.<\/em><\/strong><\/p>\n","protected":false},"excerpt":{"rendered":"<p>\u0406\u043d\u0444\u043e\u0440\u043c\u0430\u0446\u0456\u044f \u043f\u0440\u043e \u043e\u0431\u0456\u0434\u0438 \u0432 \u0448\u043a\u0456\u043b\u044c\u043d\u0456\u0439 \u0457\u0434\u0430\u043b\u044c\u043d\u0456. \u041f\u043b\u0430\u0442\u0430 \u0437\u0430 \u043e\u0431\u0456\u0434\u0438 \u0432\u043d\u043e\u0441\u0438\u0442\u044c\u0441\u044f \u043d\u0430 \u0440\u0430\u0445\u0443\u043d\u043e\u043a \u043f\u0440\u043e\u0442\u044f\u0433\u043e\u043c 1-10 \u0447\u0438\u0441\u043b\u0430 \u043a\u043e\u0436\u043d\u043e\u0433\u043e \u043c\u0456\u0441\u044f\u0446\u044f ( \u043f\u043b\u0430\u0442\u0438\u043c\u043e \u0442\u0456\u043b\u044c\u043a\u0438 \u0437\u0430 \u043f\u0435\u0432\u043d\u0438\u0439 \u043c\u0456\u0441\u044f\u0446\u044c). &nbsp;\u041d\u043e\u043c\u0435\u0440 \u0440\u0430\u0445\u0443\u043d\u043a\u0443 \u0432 \u0431\u0430\u043d\u043a\u0443 Pekao:&nbsp;30 1240 1037 1111 0011 0916 7401. \u0412 tytule wp\u0142aty \u0432\u0432\u0435\u0434\u0456\u0442\u044c: \u0456\u043c\u2019\u044f \u0442\u0430&hellip; <a class=\"continue\" href=\"https:\/\/sp58lodz.edu.pl\/?page_id=5525\">Continue Reading<span> <strong>\u0406\u043d\u0444\u043e\u0440\u043c\u0430\u0446\u0456\u044f \u043f\u0440\u043e \u043e\u0431\u0456\u0434\u0438 \u0432 \u0448\u043a\u0456\u043b\u044c\u043d\u0456\u0439 \u0457\u0434\u0430\u043b\u044c\u043d\u0456.<\/strong><\/span><\/a><\/p>\n","protected":false},"author":2,"featured_media":0,"parent":0,"menu_order":0,"comment_status":"closed","ping_status":"closed","template":"","meta":{"footnotes":""},"class_list":["post-5525","page","type-page","status-publish","hentry"],"yoast_head":"<!-- This site is optimized with the Yoast SEO plugin v27.4 - https:\/\/yoast.com\/product\/yoast-seo-wordpress\/ -->\n<title>\u0406\u043d\u0444\u043e\u0440\u043c\u0430\u0446\u0456\u044f \u043f\u0440\u043e \u043e\u0431\u0456\u0434\u0438 \u0432 \u0448\u043a\u0456\u043b\u044c\u043d\u0456\u0439 \u0457\u0434\u0430\u043b\u044c\u043d\u0456. - Szko\u0142a Podstawowa nr 58 im. Melchiora Wa\u0144kowicza w \u0141odzi<\/title>\n<meta name=\"robots\" content=\"index, follow, max-snippet:-1, max-image-preview:large, max-video-preview:-1\" \/>\n<link rel=\"canonical\" href=\"https:\/\/sp58lodz.edu.pl\/?page_id=5525\" \/>\n<meta property=\"og:locale\" content=\"pl_PL\" \/>\n<meta property=\"og:type\" content=\"article\" \/>\n<meta property=\"og:title\" content=\"\u0406\u043d\u0444\u043e\u0440\u043c\u0430\u0446\u0456\u044f \u043f\u0440\u043e \u043e\u0431\u0456\u0434\u0438 \u0432 \u0448\u043a\u0456\u043b\u044c\u043d\u0456\u0439 \u0457\u0434\u0430\u043b\u044c\u043d\u0456. - Szko\u0142a Podstawowa nr 58 im. Melchiora Wa\u0144kowicza w \u0141odzi\" \/>\n<meta property=\"og:description\" content=\"\u0406\u043d\u0444\u043e\u0440\u043c\u0430\u0446\u0456\u044f \u043f\u0440\u043e \u043e\u0431\u0456\u0434\u0438 \u0432 \u0448\u043a\u0456\u043b\u044c\u043d\u0456\u0439 \u0457\u0434\u0430\u043b\u044c\u043d\u0456. \u041f\u043b\u0430\u0442\u0430 \u0437\u0430 \u043e\u0431\u0456\u0434\u0438 \u0432\u043d\u043e\u0441\u0438\u0442\u044c\u0441\u044f \u043d\u0430 \u0440\u0430\u0445\u0443\u043d\u043e\u043a \u043f\u0440\u043e\u0442\u044f\u0433\u043e\u043c 1-10 \u0447\u0438\u0441\u043b\u0430 \u043a\u043e\u0436\u043d\u043e\u0433\u043e \u043c\u0456\u0441\u044f\u0446\u044f ( \u043f\u043b\u0430\u0442\u0438\u043c\u043e \u0442\u0456\u043b\u044c\u043a\u0438 \u0437\u0430 \u043f\u0435\u0432\u043d\u0438\u0439 \u043c\u0456\u0441\u044f\u0446\u044c). &nbsp;\u041d\u043e\u043c\u0435\u0440 \u0440\u0430\u0445\u0443\u043d\u043a\u0443 \u0432 \u0431\u0430\u043d\u043a\u0443 Pekao:&nbsp;30 1240 1037 1111 0011 0916 7401. \u0412 tytule wp\u0142aty \u0432\u0432\u0435\u0434\u0456\u0442\u044c: \u0456\u043c\u2019\u044f \u0442\u0430&hellip; Continue Reading \u0406\u043d\u0444\u043e\u0440\u043c\u0430\u0446\u0456\u044f \u043f\u0440\u043e \u043e\u0431\u0456\u0434\u0438 \u0432 \u0448\u043a\u0456\u043b\u044c\u043d\u0456\u0439 \u0457\u0434\u0430\u043b\u044c\u043d\u0456.\" \/>\n<meta property=\"og:url\" content=\"https:\/\/sp58lodz.edu.pl\/?page_id=5525\" \/>\n<meta property=\"og:site_name\" content=\"Szko\u0142a Podstawowa nr 58 im. Melchiora Wa\u0144kowicza w \u0141odzi\" \/>\n<meta property=\"article:modified_time\" content=\"2023-01-23T09:56:47+00:00\" \/>\n<meta name=\"twitter:card\" content=\"summary_large_image\" \/>\n<meta name=\"twitter:label1\" content=\"Szacowany czas czytania\" \/>\n\t<meta name=\"twitter:data1\" content=\"2 minuty\" \/>\n<script type=\"application\/ld+json\" class=\"yoast-schema-graph\">{\"@context\":\"https:\\\/\\\/schema.org\",\"@graph\":[{\"@type\":\"WebPage\",\"@id\":\"https:\\\/\\\/sp58lodz.edu.pl\\\/?page_id=5525\",\"url\":\"https:\\\/\\\/sp58lodz.edu.pl\\\/?page_id=5525\",\"name\":\"\u0406\u043d\u0444\u043e\u0440\u043c\u0430\u0446\u0456\u044f \u043f\u0440\u043e \u043e\u0431\u0456\u0434\u0438 \u0432 \u0448\u043a\u0456\u043b\u044c\u043d\u0456\u0439 \u0457\u0434\u0430\u043b\u044c\u043d\u0456. - Szko\u0142a Podstawowa nr 58 im. Melchiora Wa\u0144kowicza w \u0141odzi\",\"isPartOf\":{\"@id\":\"https:\\\/\\\/sp58lodz.edu.pl\\\/#website\"},\"datePublished\":\"2022-12-01T09:49:09+00:00\",\"dateModified\":\"2023-01-23T09:56:47+00:00\",\"breadcrumb\":{\"@id\":\"https:\\\/\\\/sp58lodz.edu.pl\\\/?page_id=5525#breadcrumb\"},\"inLanguage\":\"pl-PL\",\"potentialAction\":[{\"@type\":\"ReadAction\",\"target\":[\"https:\\\/\\\/sp58lodz.edu.pl\\\/?page_id=5525\"]}]},{\"@type\":\"BreadcrumbList\",\"@id\":\"https:\\\/\\\/sp58lodz.edu.pl\\\/?page_id=5525#breadcrumb\",\"itemListElement\":[{\"@type\":\"ListItem\",\"position\":1,\"name\":\"Strona g\u0142\u00f3wna\",\"item\":\"https:\\\/\\\/sp58lodz.edu.pl\\\/\"},{\"@type\":\"ListItem\",\"position\":2,\"name\":\"\u0406\u043d\u0444\u043e\u0440\u043c\u0430\u0446\u0456\u044f \u043f\u0440\u043e \u043e\u0431\u0456\u0434\u0438 \u0432 \u0448\u043a\u0456\u043b\u044c\u043d\u0456\u0439 \u0457\u0434\u0430\u043b\u044c\u043d\u0456.\"}]},{\"@type\":\"WebSite\",\"@id\":\"https:\\\/\\\/sp58lodz.edu.pl\\\/#website\",\"url\":\"https:\\\/\\\/sp58lodz.edu.pl\\\/\",\"name\":\"Szko\u0142a Podstawowa nr 58 im. Melchiora Wa\u0144kowicza w \u0141odzi\",\"description\":\"Strona Szko\u0142y Podstawowej nr 58 w \u0141odzi\",\"publisher\":{\"@id\":\"https:\\\/\\\/sp58lodz.edu.pl\\\/#organization\"},\"potentialAction\":[{\"@type\":\"SearchAction\",\"target\":{\"@type\":\"EntryPoint\",\"urlTemplate\":\"https:\\\/\\\/sp58lodz.edu.pl\\\/?s={search_term_string}\"},\"query-input\":{\"@type\":\"PropertyValueSpecification\",\"valueRequired\":true,\"valueName\":\"search_term_string\"}}],\"inLanguage\":\"pl-PL\"},{\"@type\":\"Organization\",\"@id\":\"https:\\\/\\\/sp58lodz.edu.pl\\\/#organization\",\"name\":\"Szko\u0142a Podstawowa nr 58 im. Melchiora Wa\u0144kowicza w \u0141odzi\",\"url\":\"https:\\\/\\\/sp58lodz.edu.pl\\\/\",\"logo\":{\"@type\":\"ImageObject\",\"inLanguage\":\"pl-PL\",\"@id\":\"https:\\\/\\\/sp58lodz.edu.pl\\\/#\\\/schema\\\/logo\\\/image\\\/\",\"url\":\"https:\\\/\\\/sp58lodz.edu.pl\\\/wp-content\\\/uploads\\\/2019\\\/01\\\/cropped-cropped-logo_pat-e1601973191516.png\",\"contentUrl\":\"https:\\\/\\\/sp58lodz.edu.pl\\\/wp-content\\\/uploads\\\/2019\\\/01\\\/cropped-cropped-logo_pat-e1601973191516.png\",\"width\":140,\"height\":140,\"caption\":\"Szko\u0142a Podstawowa nr 58 im. Melchiora Wa\u0144kowicza w \u0141odzi\"},\"image\":{\"@id\":\"https:\\\/\\\/sp58lodz.edu.pl\\\/#\\\/schema\\\/logo\\\/image\\\/\"}}]}<\/script>\n<!-- \/ Yoast SEO plugin. -->","yoast_head_json":{"title":"\u0406\u043d\u0444\u043e\u0440\u043c\u0430\u0446\u0456\u044f \u043f\u0440\u043e \u043e\u0431\u0456\u0434\u0438 \u0432 \u0448\u043a\u0456\u043b\u044c\u043d\u0456\u0439 \u0457\u0434\u0430\u043b\u044c\u043d\u0456. - Szko\u0142a Podstawowa nr 58 im. Melchiora Wa\u0144kowicza w \u0141odzi","robots":{"index":"index","follow":"follow","max-snippet":"max-snippet:-1","max-image-preview":"max-image-preview:large","max-video-preview":"max-video-preview:-1"},"canonical":"https:\/\/sp58lodz.edu.pl\/?page_id=5525","og_locale":"pl_PL","og_type":"article","og_title":"\u0406\u043d\u0444\u043e\u0440\u043c\u0430\u0446\u0456\u044f \u043f\u0440\u043e \u043e\u0431\u0456\u0434\u0438 \u0432 \u0448\u043a\u0456\u043b\u044c\u043d\u0456\u0439 \u0457\u0434\u0430\u043b\u044c\u043d\u0456. - Szko\u0142a Podstawowa nr 58 im. Melchiora Wa\u0144kowicza w \u0141odzi","og_description":"\u0406\u043d\u0444\u043e\u0440\u043c\u0430\u0446\u0456\u044f \u043f\u0440\u043e \u043e\u0431\u0456\u0434\u0438 \u0432 \u0448\u043a\u0456\u043b\u044c\u043d\u0456\u0439 \u0457\u0434\u0430\u043b\u044c\u043d\u0456. \u041f\u043b\u0430\u0442\u0430 \u0437\u0430 \u043e\u0431\u0456\u0434\u0438 \u0432\u043d\u043e\u0441\u0438\u0442\u044c\u0441\u044f \u043d\u0430 \u0440\u0430\u0445\u0443\u043d\u043e\u043a \u043f\u0440\u043e\u0442\u044f\u0433\u043e\u043c 1-10 \u0447\u0438\u0441\u043b\u0430 \u043a\u043e\u0436\u043d\u043e\u0433\u043e \u043c\u0456\u0441\u044f\u0446\u044f ( \u043f\u043b\u0430\u0442\u0438\u043c\u043e \u0442\u0456\u043b\u044c\u043a\u0438 \u0437\u0430 \u043f\u0435\u0432\u043d\u0438\u0439 \u043c\u0456\u0441\u044f\u0446\u044c). &nbsp;\u041d\u043e\u043c\u0435\u0440 \u0440\u0430\u0445\u0443\u043d\u043a\u0443 \u0432 \u0431\u0430\u043d\u043a\u0443 Pekao:&nbsp;30 1240 1037 1111 0011 0916 7401. \u0412 tytule wp\u0142aty \u0432\u0432\u0435\u0434\u0456\u0442\u044c: \u0456\u043c\u2019\u044f \u0442\u0430&hellip; Continue Reading \u0406\u043d\u0444\u043e\u0440\u043c\u0430\u0446\u0456\u044f \u043f\u0440\u043e \u043e\u0431\u0456\u0434\u0438 \u0432 \u0448\u043a\u0456\u043b\u044c\u043d\u0456\u0439 \u0457\u0434\u0430\u043b\u044c\u043d\u0456.","og_url":"https:\/\/sp58lodz.edu.pl\/?page_id=5525","og_site_name":"Szko\u0142a Podstawowa nr 58 im. Melchiora Wa\u0144kowicza w \u0141odzi","article_modified_time":"2023-01-23T09:56:47+00:00","twitter_card":"summary_large_image","twitter_misc":{"Szacowany czas czytania":"2 minuty"},"schema":{"@context":"https:\/\/schema.org","@graph":[{"@type":"WebPage","@id":"https:\/\/sp58lodz.edu.pl\/?page_id=5525","url":"https:\/\/sp58lodz.edu.pl\/?page_id=5525","name":"\u0406\u043d\u0444\u043e\u0440\u043c\u0430\u0446\u0456\u044f \u043f\u0440\u043e \u043e\u0431\u0456\u0434\u0438 \u0432 \u0448\u043a\u0456\u043b\u044c\u043d\u0456\u0439 \u0457\u0434\u0430\u043b\u044c\u043d\u0456. - Szko\u0142a Podstawowa nr 58 im. Melchiora Wa\u0144kowicza w \u0141odzi","isPartOf":{"@id":"https:\/\/sp58lodz.edu.pl\/#website"},"datePublished":"2022-12-01T09:49:09+00:00","dateModified":"2023-01-23T09:56:47+00:00","breadcrumb":{"@id":"https:\/\/sp58lodz.edu.pl\/?page_id=5525#breadcrumb"},"inLanguage":"pl-PL","potentialAction":[{"@type":"ReadAction","target":["https:\/\/sp58lodz.edu.pl\/?page_id=5525"]}]},{"@type":"BreadcrumbList","@id":"https:\/\/sp58lodz.edu.pl\/?page_id=5525#breadcrumb","itemListElement":[{"@type":"ListItem","position":1,"name":"Strona g\u0142\u00f3wna","item":"https:\/\/sp58lodz.edu.pl\/"},{"@type":"ListItem","position":2,"name":"\u0406\u043d\u0444\u043e\u0440\u043c\u0430\u0446\u0456\u044f \u043f\u0440\u043e \u043e\u0431\u0456\u0434\u0438 \u0432 \u0448\u043a\u0456\u043b\u044c\u043d\u0456\u0439 \u0457\u0434\u0430\u043b\u044c\u043d\u0456."}]},{"@type":"WebSite","@id":"https:\/\/sp58lodz.edu.pl\/#website","url":"https:\/\/sp58lodz.edu.pl\/","name":"Szko\u0142a Podstawowa nr 58 im. Melchiora Wa\u0144kowicza w \u0141odzi","description":"Strona Szko\u0142y Podstawowej nr 58 w \u0141odzi","publisher":{"@id":"https:\/\/sp58lodz.edu.pl\/#organization"},"potentialAction":[{"@type":"SearchAction","target":{"@type":"EntryPoint","urlTemplate":"https:\/\/sp58lodz.edu.pl\/?s={search_term_string}"},"query-input":{"@type":"PropertyValueSpecification","valueRequired":true,"valueName":"search_term_string"}}],"inLanguage":"pl-PL"},{"@type":"Organization","@id":"https:\/\/sp58lodz.edu.pl\/#organization","name":"Szko\u0142a Podstawowa nr 58 im. Melchiora Wa\u0144kowicza w \u0141odzi","url":"https:\/\/sp58lodz.edu.pl\/","logo":{"@type":"ImageObject","inLanguage":"pl-PL","@id":"https:\/\/sp58lodz.edu.pl\/#\/schema\/logo\/image\/","url":"https:\/\/sp58lodz.edu.pl\/wp-content\/uploads\/2019\/01\/cropped-cropped-logo_pat-e1601973191516.png","contentUrl":"https:\/\/sp58lodz.edu.pl\/wp-content\/uploads\/2019\/01\/cropped-cropped-logo_pat-e1601973191516.png","width":140,"height":140,"caption":"Szko\u0142a Podstawowa nr 58 im. Melchiora Wa\u0144kowicza w \u0141odzi"},"image":{"@id":"https:\/\/sp58lodz.edu.pl\/#\/schema\/logo\/image\/"}}]}},"_links":{"self":[{"href":"https:\/\/sp58lodz.edu.pl\/index.php?rest_route=\/wp\/v2\/pages\/5525","targetHints":{"allow":["GET"]}}],"collection":[{"href":"https:\/\/sp58lodz.edu.pl\/index.php?rest_route=\/wp\/v2\/pages"}],"about":[{"href":"https:\/\/sp58lodz.edu.pl\/index.php?rest_route=\/wp\/v2\/types\/page"}],"author":[{"embeddable":true,"href":"https:\/\/sp58lodz.edu.pl\/index.php?rest_route=\/wp\/v2\/users\/2"}],"replies":[{"embeddable":true,"href":"https:\/\/sp58lodz.edu.pl\/index.php?rest_route=%2Fwp%2Fv2%2Fcomments&post=5525"}],"version-history":[{"count":2,"href":"https:\/\/sp58lodz.edu.pl\/index.php?rest_route=\/wp\/v2\/pages\/5525\/revisions"}],"predecessor-version":[{"id":5705,"href":"https:\/\/sp58lodz.edu.pl\/index.php?rest_route=\/wp\/v2\/pages\/5525\/revisions\/5705"}],"wp:attachment":[{"href":"https:\/\/sp58lodz.edu.pl\/index.php?rest_route=%2Fwp%2Fv2%2Fmedia&parent=5525"}],"curies":[{"name":"wp","href":"https:\/\/api.w.org\/{rel}","templated":true}]}}