{"id":5036,"date":"2022-08-31T12:09:53","date_gmt":"2022-08-31T11:09:53","guid":{"rendered":"https:\/\/sp58lodz.edu.pl\/?page_id=5036"},"modified":"2022-08-31T12:28:09","modified_gmt":"2022-08-31T11:28:09","slug":"pilotazowe-wdrozenie-modelu-specjalistycznych-centrow-wspierajacych-edukacje-wlaczajaca-w-roku-szkolnym-2021-2022-w-szkole-podstawowej-nr-58-im-melchiora-wankowicza-w-lodzi","status":"publish","type":"page","link":"https:\/\/sp58lodz.edu.pl\/?page_id=5036","title":{"rendered":"&#8222;Pilota\u017cowe wdro\u017cenie modelu Specjalistycznych Centr\u00f3w Wspieraj\u0105cych Edukacj\u0119 W\u0142\u0105czaj\u0105c\u0105\u201d w roku szkolnym 2021\/2022 w Szkole Podstawowej nr 58 im. Melchiora Wa\u0144kowicza w \u0141odzi."},"content":{"rendered":"\n<p><strong><br><\/strong><\/p>\n\n\n\n<p>Za nami rok projektu \u201ePilota\u017cowe wdro\u017cenie modelu Specjalistycznych Centr\u00f3w Wspieraj\u0105cych Edukacj\u0119 W\u0142\u0105czaj\u0105c\u0105\u201d. Przedstawiamy podsumowanie rocznych dzia\u0142a\u0144:<\/p>\n\n\n\n<ol class=\"wp-block-list\" type=\"1\"><li>Konferencja inauguruj\u0105ca projekt \u201ePilota\u017cowe wdro\u017cenie modelu Specjalistycznych Centr\u00f3w Wspieraj\u0105cych Edukacj\u0119 W\u0142\u0105czaj\u0105c\u0105\u201d \u2013 zapoznanie si\u0119 z ide\u0105 projektu, dzia\u0142aniami planowanymi oraz zebranie informacji zwrotnej od interesariuszy dot. zapotrzebowania na tematyk\u0119 szkole\u0144.<\/li><li>Piknik integracyjny \u201eRazem to lubi\u0119\u201d w siedzibie SCWEW \u2013 zaj\u0119cia plastyczne, muzyczne, sprawno\u015bciowe, logiczne, artystyczne<br>i inne anga\u017cuj\u0105ce dzieci i m\u0142odzie\u017c oraz panel dyskusyjny dla nauczycieli, kt\u00f3rzy chc\u0105 dowiedzie\u0107 si\u0119 wi\u0119cej na temat idei edukacji w\u0142\u0105czaj\u0105cej.<\/li><li>Sie\u0107 wsp\u00f3\u0142pracy \u2013 cykliczne spotkania z ekspertami przybli\u017caj\u0105cymi wszystkim zainteresowanym ide\u0119 edukacji w\u0142\u0105czaj\u0105cej. Mo\u017cliwo\u015b\u0107 spotkania si\u0119 i wymiany do\u015bwiadcze\u0144 z innymi nauczycielami oraz ekspertami w Specjalnym O\u015brodku Szkolno-Wychowawczym nr 6 w \u0141odzi.<\/li><li>Rady szkoleniowe stacjonarne oraz online dla kadry nauczycielskiej SP 58 w \u0141odzi dot. bie\u017c\u0105cych potrzeb m.in.<ul><li>\u201eJak pom\u00f3c uczniom w traumie, jak pom\u00f3c sobie, aby m\u00f3c pomaga\u0107 innym\u201d \u2013 dot. pomocy dzieciom w sytuacji traumy wojny, a tak\u017ce radzenia sobie ze stresem w obecnej sytuacji.<\/li><li>Rada szkoleniowa dla nauczycieli &#8211; instrukta\u017c korzystania ze sprz\u0119tu z wypo\u017cyczalni SCWEW.<\/li><li>Rada szkoleniowa na temat trudnych zachowa\u0144 uczni\u00f3w podczas lekcji i sposob\u00f3w radzenia sobie z tymi sytuacjami.<\/li><li>Rada szkoleniowa online \u201eSamookaleczenia w\u015br\u00f3d nastolatk\u00f3w \u2013 jak reagowa\u0107 i pom\u00f3c<\/li><\/ul><\/li><li>Zaj\u0119cia modelowe w Szkole Podstawowej nr 58 w \u0141odzi:<ul><li>zaj\u0119cia modelowe podczas zaj\u0119\u0107 rewalidacyjnych z uczniem z zespo\u0142em Aspergera,<\/li><li>zaj\u0119cia modelowe integruj\u0105ce dla klasy IV b oraz dla klasy Vb z elementami muzycznymi, teatralnymi, a przede wszystkim ogromn\u0105 dawk\u0105 dobrej zabawy<\/li><\/ul><\/li><li>Konsultacje z ekspertami raz superwizje\u00a0 &#8211; spotkania umo\u017cliwiaj\u0105ce om\u00f3wienie trudno\u015bci w pracy z grup\u0105 zr\u00f3\u017cnicowan\u0105 i otrzymaniem du\u017cej dawki wiedzy do wykorzystania w bie\u017c\u0105cej pracy z uczniem. Zagadnienia dotyczy\u0142y pracy z uczniem z zespo\u0142em Aspergera, z autyzmem, z ADHD. Konsultacje dotyczy\u0142y tak\u017ce wsparcia rodzic\u00f3w. Ponad to eksperci obserwowali prac\u0119 nauczyciela i zespo\u0142u klasowego, po czym mogli podzieli\u0107 si\u0119 cennymi wskaz\u00f3wkami dotycz\u0105cymi zaobserwowanych element\u00f3w.<\/li><li>Warsztaty dla zespo\u0142\u00f3w klasowych z udzia\u0142em wychowawcy :<br>IIIa, VIa, Vb. Zaj\u0119cia prowadzone przez psycholog\u00f3w i pedagog\u00f3w umo\u017cliwia\u0142y poznanie atrakcyjnych metod prowadzenia zaj\u0119\u0107 , a tak\u017ce stanowi\u0142y cenne \u017ar\u00f3d\u0142o informacji dot. radzenia sobie z trudnymi sytuacjami pojawiaj\u0105cymi si\u0119 cz\u0119sto w grupie zr\u00f3\u017cnicowanej. Warsztaty mia\u0142y charakter integracyjny, a dotyczy\u0142y zagadnie\u0144 radzenia sobie ze z\u0142o\u015bci\u0105, pracy w grupie oraz pozytywnego warto\u015bciowania swoje osoby.<\/li><li>\u015awiatowy dzie\u0144 Wiedzy o Autyzmie. Uczniowie poszerzyli swoj\u0105 wiedz\u0119 dotycz\u0105c\u0105 autyzmu poprzez wsp\u00f3lne dzia\u0142ania szkolne m.in. prelekcje z ekspertem czy wystaw\u0119 plakat\u00f3w edukacyjnych.<\/li><\/ol>\n\n\n\n<p><\/p>\n\n\n\n<figure class=\"wp-block-gallery has-nested-images columns-default is-cropped wp-block-gallery-1 is-layout-flex wp-block-gallery-is-layout-flex\">\n<figure class=\"wp-block-image size-large\"><img loading=\"lazy\" decoding=\"async\" width=\"467\" height=\"350\" data-id=\"5048\" src=\"https:\/\/sp58lodz.edu.pl\/wp-content\/uploads\/2022\/08\/01-1.jpg\" alt=\"\" class=\"wp-image-5048\" srcset=\"https:\/\/sp58lodz.edu.pl\/wp-content\/uploads\/2022\/08\/01-1.jpg 467w, https:\/\/sp58lodz.edu.pl\/wp-content\/uploads\/2022\/08\/01-1-300x225.jpg 300w, https:\/\/sp58lodz.edu.pl\/wp-content\/uploads\/2022\/08\/01-1-360x270.jpg 360w, https:\/\/sp58lodz.edu.pl\/wp-content\/uploads\/2022\/08\/01-1-400x300.jpg 400w\" sizes=\"auto, (max-width: 467px) 100vw, 467px\" \/><\/figure>\n\n\n\n<figure class=\"wp-block-image size-large\"><img loading=\"lazy\" decoding=\"async\" width=\"467\" height=\"350\" data-id=\"5049\" src=\"https:\/\/sp58lodz.edu.pl\/wp-content\/uploads\/2022\/08\/02-1.jpg\" alt=\"\" class=\"wp-image-5049\" srcset=\"https:\/\/sp58lodz.edu.pl\/wp-content\/uploads\/2022\/08\/02-1.jpg 467w, https:\/\/sp58lodz.edu.pl\/wp-content\/uploads\/2022\/08\/02-1-300x225.jpg 300w, https:\/\/sp58lodz.edu.pl\/wp-content\/uploads\/2022\/08\/02-1-360x270.jpg 360w, https:\/\/sp58lodz.edu.pl\/wp-content\/uploads\/2022\/08\/02-1-400x300.jpg 400w\" sizes=\"auto, (max-width: 467px) 100vw, 467px\" \/><\/figure>\n\n\n\n<figure class=\"wp-block-image size-large\"><img loading=\"lazy\" decoding=\"async\" width=\"1386\" height=\"1039\" data-id=\"5050\" src=\"https:\/\/sp58lodz.edu.pl\/wp-content\/uploads\/2022\/08\/03-1.jpg\" alt=\"\" class=\"wp-image-5050\" srcset=\"https:\/\/sp58lodz.edu.pl\/wp-content\/uploads\/2022\/08\/03-1.jpg 1386w, https:\/\/sp58lodz.edu.pl\/wp-content\/uploads\/2022\/08\/03-1-300x225.jpg 300w, https:\/\/sp58lodz.edu.pl\/wp-content\/uploads\/2022\/08\/03-1-768x576.jpg 768w, https:\/\/sp58lodz.edu.pl\/wp-content\/uploads\/2022\/08\/03-1-360x270.jpg 360w, https:\/\/sp58lodz.edu.pl\/wp-content\/uploads\/2022\/08\/03-1-400x300.jpg 400w\" sizes=\"auto, (max-width: 1386px) 100vw, 1386px\" \/><\/figure>\n\n\n\n<figure class=\"wp-block-image size-large\"><img loading=\"lazy\" decoding=\"async\" width=\"1387\" height=\"1040\" data-id=\"5051\" src=\"https:\/\/sp58lodz.edu.pl\/wp-content\/uploads\/2022\/08\/04-1.jpg\" alt=\"\" class=\"wp-image-5051\" srcset=\"https:\/\/sp58lodz.edu.pl\/wp-content\/uploads\/2022\/08\/04-1.jpg 1387w, https:\/\/sp58lodz.edu.pl\/wp-content\/uploads\/2022\/08\/04-1-300x225.jpg 300w, https:\/\/sp58lodz.edu.pl\/wp-content\/uploads\/2022\/08\/04-1-768x576.jpg 768w, https:\/\/sp58lodz.edu.pl\/wp-content\/uploads\/2022\/08\/04-1-360x270.jpg 360w, https:\/\/sp58lodz.edu.pl\/wp-content\/uploads\/2022\/08\/04-1-400x300.jpg 400w\" sizes=\"auto, (max-width: 1387px) 100vw, 1387px\" \/><\/figure>\n\n\n\n<figure class=\"wp-block-image size-large\"><img loading=\"lazy\" decoding=\"async\" width=\"960\" height=\"443\" data-id=\"5052\" src=\"https:\/\/sp58lodz.edu.pl\/wp-content\/uploads\/2022\/08\/05-1.jpg\" alt=\"\" class=\"wp-image-5052\" srcset=\"https:\/\/sp58lodz.edu.pl\/wp-content\/uploads\/2022\/08\/05-1.jpg 960w, https:\/\/sp58lodz.edu.pl\/wp-content\/uploads\/2022\/08\/05-1-300x138.jpg 300w, https:\/\/sp58lodz.edu.pl\/wp-content\/uploads\/2022\/08\/05-1-768x354.jpg 768w, https:\/\/sp58lodz.edu.pl\/wp-content\/uploads\/2022\/08\/05-1-360x166.jpg 360w, https:\/\/sp58lodz.edu.pl\/wp-content\/uploads\/2022\/08\/05-1-400x185.jpg 400w\" sizes=\"auto, (max-width: 960px) 100vw, 960px\" \/><\/figure>\n<\/figure>\n","protected":false},"excerpt":{"rendered":"<p>Za nami rok projektu \u201ePilota\u017cowe wdro\u017cenie modelu Specjalistycznych Centr\u00f3w Wspieraj\u0105cych Edukacj\u0119 W\u0142\u0105czaj\u0105c\u0105\u201d. Przedstawiamy podsumowanie rocznych dzia\u0142a\u0144: Konferencja inauguruj\u0105ca projekt \u201ePilota\u017cowe wdro\u017cenie modelu Specjalistycznych Centr\u00f3w Wspieraj\u0105cych Edukacj\u0119 W\u0142\u0105czaj\u0105c\u0105\u201d \u2013 zapoznanie si\u0119 z ide\u0105 projektu, dzia\u0142aniami planowanymi oraz zebranie informacji zwrotnej od&hellip; <a class=\"continue\" href=\"https:\/\/sp58lodz.edu.pl\/?page_id=5036\">Continue Reading<span> &#8222;Pilota\u017cowe wdro\u017cenie modelu Specjalistycznych Centr\u00f3w Wspieraj\u0105cych Edukacj\u0119 W\u0142\u0105czaj\u0105c\u0105\u201d w roku szkolnym 2021\/2022 w Szkole Podstawowej nr 58 im. Melchiora Wa\u0144kowicza w \u0141odzi.<\/span><\/a><\/p>\n","protected":false},"author":2,"featured_media":0,"parent":0,"menu_order":0,"comment_status":"closed","ping_status":"closed","template":"","meta":{"footnotes":""},"class_list":["post-5036","page","type-page","status-publish","hentry"],"yoast_head":"<!-- This site is optimized with the Yoast SEO plugin v27.6 - https:\/\/yoast.com\/product\/yoast-seo-wordpress\/ -->\n<title>&quot;Pilota\u017cowe wdro\u017cenie modelu Specjalistycznych Centr\u00f3w Wspieraj\u0105cych Edukacj\u0119 W\u0142\u0105czaj\u0105c\u0105\u201d w roku szkolnym 2021\/2022 w Szkole Podstawowej nr 58 im. Melchiora Wa\u0144kowicza w \u0141odzi. - Szko\u0142a Podstawowa nr 58 im. Melchiora Wa\u0144kowicza w \u0141odzi<\/title>\n<meta name=\"robots\" content=\"index, follow, max-snippet:-1, max-image-preview:large, max-video-preview:-1\" \/>\n<link rel=\"canonical\" href=\"https:\/\/sp58lodz.edu.pl\/?page_id=5036\" \/>\n<meta property=\"og:locale\" content=\"pl_PL\" \/>\n<meta property=\"og:type\" content=\"article\" \/>\n<meta property=\"og:title\" content=\"&quot;Pilota\u017cowe wdro\u017cenie modelu Specjalistycznych Centr\u00f3w Wspieraj\u0105cych Edukacj\u0119 W\u0142\u0105czaj\u0105c\u0105\u201d w roku szkolnym 2021\/2022 w Szkole Podstawowej nr 58 im. Melchiora Wa\u0144kowicza w \u0141odzi. - Szko\u0142a Podstawowa nr 58 im. Melchiora Wa\u0144kowicza w \u0141odzi\" \/>\n<meta property=\"og:description\" content=\"Za nami rok projektu \u201ePilota\u017cowe wdro\u017cenie modelu Specjalistycznych Centr\u00f3w Wspieraj\u0105cych Edukacj\u0119 W\u0142\u0105czaj\u0105c\u0105\u201d. Przedstawiamy podsumowanie rocznych dzia\u0142a\u0144: Konferencja inauguruj\u0105ca projekt \u201ePilota\u017cowe wdro\u017cenie modelu Specjalistycznych Centr\u00f3w Wspieraj\u0105cych Edukacj\u0119 W\u0142\u0105czaj\u0105c\u0105\u201d \u2013 zapoznanie si\u0119 z ide\u0105 projektu, dzia\u0142aniami planowanymi oraz zebranie informacji zwrotnej od&hellip; Continue Reading &#8222;Pilota\u017cowe wdro\u017cenie modelu Specjalistycznych Centr\u00f3w Wspieraj\u0105cych Edukacj\u0119 W\u0142\u0105czaj\u0105c\u0105\u201d w roku szkolnym 2021\/2022 w Szkole Podstawowej nr 58 im. Melchiora Wa\u0144kowicza w \u0141odzi.\" \/>\n<meta property=\"og:url\" content=\"https:\/\/sp58lodz.edu.pl\/?page_id=5036\" \/>\n<meta property=\"og:site_name\" content=\"Szko\u0142a Podstawowa nr 58 im. Melchiora Wa\u0144kowicza w \u0141odzi\" \/>\n<meta property=\"article:modified_time\" content=\"2022-08-31T11:28:09+00:00\" \/>\n<meta property=\"og:image\" content=\"https:\/\/sp58lodz.edu.pl\/wp-content\/uploads\/2022\/08\/01-1.jpg\" \/>\n<meta name=\"twitter:card\" content=\"summary_large_image\" \/>\n<meta name=\"twitter:label1\" content=\"Szacowany czas czytania\" \/>\n\t<meta name=\"twitter:data1\" content=\"4 minuty\" \/>\n<script type=\"application\/ld+json\" class=\"yoast-schema-graph\">{\"@context\":\"https:\\\/\\\/schema.org\",\"@graph\":[{\"@type\":\"WebPage\",\"@id\":\"https:\\\/\\\/sp58lodz.edu.pl\\\/?page_id=5036\",\"url\":\"https:\\\/\\\/sp58lodz.edu.pl\\\/?page_id=5036\",\"name\":\"\\\"Pilota\u017cowe wdro\u017cenie modelu Specjalistycznych Centr\u00f3w Wspieraj\u0105cych Edukacj\u0119 W\u0142\u0105czaj\u0105c\u0105\u201d w roku szkolnym 2021\\\/2022 w Szkole Podstawowej nr 58 im. Melchiora Wa\u0144kowicza w \u0141odzi. - Szko\u0142a Podstawowa nr 58 im. Melchiora Wa\u0144kowicza w \u0141odzi\",\"isPartOf\":{\"@id\":\"https:\\\/\\\/sp58lodz.edu.pl\\\/#website\"},\"primaryImageOfPage\":{\"@id\":\"https:\\\/\\\/sp58lodz.edu.pl\\\/?page_id=5036#primaryimage\"},\"image\":{\"@id\":\"https:\\\/\\\/sp58lodz.edu.pl\\\/?page_id=5036#primaryimage\"},\"thumbnailUrl\":\"https:\\\/\\\/sp58lodz.edu.pl\\\/wp-content\\\/uploads\\\/2022\\\/08\\\/01-1.jpg\",\"datePublished\":\"2022-08-31T11:09:53+00:00\",\"dateModified\":\"2022-08-31T11:28:09+00:00\",\"breadcrumb\":{\"@id\":\"https:\\\/\\\/sp58lodz.edu.pl\\\/?page_id=5036#breadcrumb\"},\"inLanguage\":\"pl-PL\",\"potentialAction\":[{\"@type\":\"ReadAction\",\"target\":[\"https:\\\/\\\/sp58lodz.edu.pl\\\/?page_id=5036\"]}]},{\"@type\":\"ImageObject\",\"inLanguage\":\"pl-PL\",\"@id\":\"https:\\\/\\\/sp58lodz.edu.pl\\\/?page_id=5036#primaryimage\",\"url\":\"https:\\\/\\\/sp58lodz.edu.pl\\\/wp-content\\\/uploads\\\/2022\\\/08\\\/01-1.jpg\",\"contentUrl\":\"https:\\\/\\\/sp58lodz.edu.pl\\\/wp-content\\\/uploads\\\/2022\\\/08\\\/01-1.jpg\",\"width\":467,\"height\":350},{\"@type\":\"BreadcrumbList\",\"@id\":\"https:\\\/\\\/sp58lodz.edu.pl\\\/?page_id=5036#breadcrumb\",\"itemListElement\":[{\"@type\":\"ListItem\",\"position\":1,\"name\":\"Strona g\u0142\u00f3wna\",\"item\":\"https:\\\/\\\/sp58lodz.edu.pl\\\/\"},{\"@type\":\"ListItem\",\"position\":2,\"name\":\"&#8222;Pilota\u017cowe wdro\u017cenie modelu Specjalistycznych Centr\u00f3w Wspieraj\u0105cych Edukacj\u0119 W\u0142\u0105czaj\u0105c\u0105\u201d w roku szkolnym 2021\\\/2022 w Szkole Podstawowej nr 58 im. Melchiora Wa\u0144kowicza w \u0141odzi.\"}]},{\"@type\":\"WebSite\",\"@id\":\"https:\\\/\\\/sp58lodz.edu.pl\\\/#website\",\"url\":\"https:\\\/\\\/sp58lodz.edu.pl\\\/\",\"name\":\"Szko\u0142a Podstawowa nr 58 im. Melchiora Wa\u0144kowicza w \u0141odzi\",\"description\":\"Strona Szko\u0142y Podstawowej nr 58 w \u0141odzi\",\"publisher\":{\"@id\":\"https:\\\/\\\/sp58lodz.edu.pl\\\/#organization\"},\"potentialAction\":[{\"@type\":\"SearchAction\",\"target\":{\"@type\":\"EntryPoint\",\"urlTemplate\":\"https:\\\/\\\/sp58lodz.edu.pl\\\/?s={search_term_string}\"},\"query-input\":{\"@type\":\"PropertyValueSpecification\",\"valueRequired\":true,\"valueName\":\"search_term_string\"}}],\"inLanguage\":\"pl-PL\"},{\"@type\":\"Organization\",\"@id\":\"https:\\\/\\\/sp58lodz.edu.pl\\\/#organization\",\"name\":\"Szko\u0142a Podstawowa nr 58 im. Melchiora Wa\u0144kowicza w \u0141odzi\",\"url\":\"https:\\\/\\\/sp58lodz.edu.pl\\\/\",\"logo\":{\"@type\":\"ImageObject\",\"inLanguage\":\"pl-PL\",\"@id\":\"https:\\\/\\\/sp58lodz.edu.pl\\\/#\\\/schema\\\/logo\\\/image\\\/\",\"url\":\"https:\\\/\\\/sp58lodz.edu.pl\\\/wp-content\\\/uploads\\\/2019\\\/01\\\/cropped-cropped-logo_pat-e1601973191516.png\",\"contentUrl\":\"https:\\\/\\\/sp58lodz.edu.pl\\\/wp-content\\\/uploads\\\/2019\\\/01\\\/cropped-cropped-logo_pat-e1601973191516.png\",\"width\":140,\"height\":140,\"caption\":\"Szko\u0142a Podstawowa nr 58 im. Melchiora Wa\u0144kowicza w \u0141odzi\"},\"image\":{\"@id\":\"https:\\\/\\\/sp58lodz.edu.pl\\\/#\\\/schema\\\/logo\\\/image\\\/\"}}]}<\/script>\n<!-- \/ Yoast SEO plugin. -->","yoast_head_json":{"title":"\"Pilota\u017cowe wdro\u017cenie modelu Specjalistycznych Centr\u00f3w Wspieraj\u0105cych Edukacj\u0119 W\u0142\u0105czaj\u0105c\u0105\u201d w roku szkolnym 2021\/2022 w Szkole Podstawowej nr 58 im. Melchiora Wa\u0144kowicza w \u0141odzi. - Szko\u0142a Podstawowa nr 58 im. Melchiora Wa\u0144kowicza w \u0141odzi","robots":{"index":"index","follow":"follow","max-snippet":"max-snippet:-1","max-image-preview":"max-image-preview:large","max-video-preview":"max-video-preview:-1"},"canonical":"https:\/\/sp58lodz.edu.pl\/?page_id=5036","og_locale":"pl_PL","og_type":"article","og_title":"\"Pilota\u017cowe wdro\u017cenie modelu Specjalistycznych Centr\u00f3w Wspieraj\u0105cych Edukacj\u0119 W\u0142\u0105czaj\u0105c\u0105\u201d w roku szkolnym 2021\/2022 w Szkole Podstawowej nr 58 im. Melchiora Wa\u0144kowicza w \u0141odzi. - Szko\u0142a Podstawowa nr 58 im. Melchiora Wa\u0144kowicza w \u0141odzi","og_description":"Za nami rok projektu \u201ePilota\u017cowe wdro\u017cenie modelu Specjalistycznych Centr\u00f3w Wspieraj\u0105cych Edukacj\u0119 W\u0142\u0105czaj\u0105c\u0105\u201d. Przedstawiamy podsumowanie rocznych dzia\u0142a\u0144: Konferencja inauguruj\u0105ca projekt \u201ePilota\u017cowe wdro\u017cenie modelu Specjalistycznych Centr\u00f3w Wspieraj\u0105cych Edukacj\u0119 W\u0142\u0105czaj\u0105c\u0105\u201d \u2013 zapoznanie si\u0119 z ide\u0105 projektu, dzia\u0142aniami planowanymi oraz zebranie informacji zwrotnej od&hellip; Continue Reading &#8222;Pilota\u017cowe wdro\u017cenie modelu Specjalistycznych Centr\u00f3w Wspieraj\u0105cych Edukacj\u0119 W\u0142\u0105czaj\u0105c\u0105\u201d w roku szkolnym 2021\/2022 w Szkole Podstawowej nr 58 im. Melchiora Wa\u0144kowicza w \u0141odzi.","og_url":"https:\/\/sp58lodz.edu.pl\/?page_id=5036","og_site_name":"Szko\u0142a Podstawowa nr 58 im. Melchiora Wa\u0144kowicza w \u0141odzi","article_modified_time":"2022-08-31T11:28:09+00:00","og_image":[{"url":"https:\/\/sp58lodz.edu.pl\/wp-content\/uploads\/2022\/08\/01-1.jpg","type":"","width":"","height":""}],"twitter_card":"summary_large_image","twitter_misc":{"Szacowany czas czytania":"4 minuty"},"schema":{"@context":"https:\/\/schema.org","@graph":[{"@type":"WebPage","@id":"https:\/\/sp58lodz.edu.pl\/?page_id=5036","url":"https:\/\/sp58lodz.edu.pl\/?page_id=5036","name":"\"Pilota\u017cowe wdro\u017cenie modelu Specjalistycznych Centr\u00f3w Wspieraj\u0105cych Edukacj\u0119 W\u0142\u0105czaj\u0105c\u0105\u201d w roku szkolnym 2021\/2022 w Szkole Podstawowej nr 58 im. Melchiora Wa\u0144kowicza w \u0141odzi. - Szko\u0142a Podstawowa nr 58 im. Melchiora Wa\u0144kowicza w \u0141odzi","isPartOf":{"@id":"https:\/\/sp58lodz.edu.pl\/#website"},"primaryImageOfPage":{"@id":"https:\/\/sp58lodz.edu.pl\/?page_id=5036#primaryimage"},"image":{"@id":"https:\/\/sp58lodz.edu.pl\/?page_id=5036#primaryimage"},"thumbnailUrl":"https:\/\/sp58lodz.edu.pl\/wp-content\/uploads\/2022\/08\/01-1.jpg","datePublished":"2022-08-31T11:09:53+00:00","dateModified":"2022-08-31T11:28:09+00:00","breadcrumb":{"@id":"https:\/\/sp58lodz.edu.pl\/?page_id=5036#breadcrumb"},"inLanguage":"pl-PL","potentialAction":[{"@type":"ReadAction","target":["https:\/\/sp58lodz.edu.pl\/?page_id=5036"]}]},{"@type":"ImageObject","inLanguage":"pl-PL","@id":"https:\/\/sp58lodz.edu.pl\/?page_id=5036#primaryimage","url":"https:\/\/sp58lodz.edu.pl\/wp-content\/uploads\/2022\/08\/01-1.jpg","contentUrl":"https:\/\/sp58lodz.edu.pl\/wp-content\/uploads\/2022\/08\/01-1.jpg","width":467,"height":350},{"@type":"BreadcrumbList","@id":"https:\/\/sp58lodz.edu.pl\/?page_id=5036#breadcrumb","itemListElement":[{"@type":"ListItem","position":1,"name":"Strona g\u0142\u00f3wna","item":"https:\/\/sp58lodz.edu.pl\/"},{"@type":"ListItem","position":2,"name":"&#8222;Pilota\u017cowe wdro\u017cenie modelu Specjalistycznych Centr\u00f3w Wspieraj\u0105cych Edukacj\u0119 W\u0142\u0105czaj\u0105c\u0105\u201d w roku szkolnym 2021\/2022 w Szkole Podstawowej nr 58 im. Melchiora Wa\u0144kowicza w \u0141odzi."}]},{"@type":"WebSite","@id":"https:\/\/sp58lodz.edu.pl\/#website","url":"https:\/\/sp58lodz.edu.pl\/","name":"Szko\u0142a Podstawowa nr 58 im. Melchiora Wa\u0144kowicza w \u0141odzi","description":"Strona Szko\u0142y Podstawowej nr 58 w \u0141odzi","publisher":{"@id":"https:\/\/sp58lodz.edu.pl\/#organization"},"potentialAction":[{"@type":"SearchAction","target":{"@type":"EntryPoint","urlTemplate":"https:\/\/sp58lodz.edu.pl\/?s={search_term_string}"},"query-input":{"@type":"PropertyValueSpecification","valueRequired":true,"valueName":"search_term_string"}}],"inLanguage":"pl-PL"},{"@type":"Organization","@id":"https:\/\/sp58lodz.edu.pl\/#organization","name":"Szko\u0142a Podstawowa nr 58 im. Melchiora Wa\u0144kowicza w \u0141odzi","url":"https:\/\/sp58lodz.edu.pl\/","logo":{"@type":"ImageObject","inLanguage":"pl-PL","@id":"https:\/\/sp58lodz.edu.pl\/#\/schema\/logo\/image\/","url":"https:\/\/sp58lodz.edu.pl\/wp-content\/uploads\/2019\/01\/cropped-cropped-logo_pat-e1601973191516.png","contentUrl":"https:\/\/sp58lodz.edu.pl\/wp-content\/uploads\/2019\/01\/cropped-cropped-logo_pat-e1601973191516.png","width":140,"height":140,"caption":"Szko\u0142a Podstawowa nr 58 im. Melchiora Wa\u0144kowicza w \u0141odzi"},"image":{"@id":"https:\/\/sp58lodz.edu.pl\/#\/schema\/logo\/image\/"}}]}},"_links":{"self":[{"href":"https:\/\/sp58lodz.edu.pl\/index.php?rest_route=\/wp\/v2\/pages\/5036","targetHints":{"allow":["GET"]}}],"collection":[{"href":"https:\/\/sp58lodz.edu.pl\/index.php?rest_route=\/wp\/v2\/pages"}],"about":[{"href":"https:\/\/sp58lodz.edu.pl\/index.php?rest_route=\/wp\/v2\/types\/page"}],"author":[{"embeddable":true,"href":"https:\/\/sp58lodz.edu.pl\/index.php?rest_route=\/wp\/v2\/users\/2"}],"replies":[{"embeddable":true,"href":"https:\/\/sp58lodz.edu.pl\/index.php?rest_route=%2Fwp%2Fv2%2Fcomments&post=5036"}],"version-history":[{"count":4,"href":"https:\/\/sp58lodz.edu.pl\/index.php?rest_route=\/wp\/v2\/pages\/5036\/revisions"}],"predecessor-version":[{"id":5053,"href":"https:\/\/sp58lodz.edu.pl\/index.php?rest_route=\/wp\/v2\/pages\/5036\/revisions\/5053"}],"wp:attachment":[{"href":"https:\/\/sp58lodz.edu.pl\/index.php?rest_route=%2Fwp%2Fv2%2Fmedia&parent=5036"}],"curies":[{"name":"wp","href":"https:\/\/api.w.org\/{rel}","templated":true}]}}