{"id":2757,"date":"2020-09-03T11:46:57","date_gmt":"2020-09-03T11:46:57","guid":{"rendered":"https:\/\/sp58lodz.edu.pl\/?page_id=2757"},"modified":"2025-09-09T08:30:23","modified_gmt":"2025-09-09T07:30:23","slug":"wychowawcy-klas","status":"publish","type":"page","link":"https:\/\/sp58lodz.edu.pl\/?page_id=2757","title":{"rendered":"Wychowawcy klas"},"content":{"rendered":"\n<p><\/p>\n\n\n\n<figure class=\"wp-block-table\"><table><tbody><tr><td>Klasa 1a<\/td><td>Izabela Pa\u0144czyk<\/td><td>sala 21<\/td><\/tr><tr><td>Klasa 1b<\/td><td>Katarzyna Kowalewska<\/td><td>sala 57<\/td><\/tr><tr><td>Klasa 2a<\/td><td>Miros\u0142awa Bariasz<\/td><td>sala 37<\/td><\/tr><tr><td>Klasa 2b<\/td><td>Emilia Janusik<\/td><td>sala 38<\/td><\/tr><tr><td>Klasa 3a<\/td><td>Lidia Gula<\/td><td>sala 31<\/td><\/tr><tr><td>Klasa 3b<\/td><td>Monika Posiak<\/td><td>sala 58<\/td><\/tr><tr><td>Klasa 4a<\/td><td>Tomasz Jakubczak<\/td><td>sala 40<\/td><\/tr><tr><td>Klasa 4b<\/td><td>Joanna Sojecka<\/td><td>sala 34<\/td><\/tr><tr><td>Klasa 4c<\/td><td>Agnieszka Ko\u017aba<\/td><td>sala 50<\/td><\/tr><tr><td>Klasa 5a<\/td><td>Marzena Marciniak<\/td><td>sala 54<\/td><\/tr><tr><td>Klasa 5b<\/td><td>Ewa Kami\u0144ska<\/td><td>sala 55<\/td><\/tr><tr><td>Klasa 6a<\/td><td>Paulina Kizeweter<\/td><td>sala 35<\/td><\/tr><tr><td>Klasa 6b<\/td><td>Gabriela Choi\u0144ska<\/td><td>sala 30<\/td><\/tr><tr><td>Klasa 7a<\/td><td>Leszek Szymczak<\/td><td>sala 42<\/td><\/tr><tr><td>Klasa 7b<\/td><td>Ewa Studnicka<\/td><td>sala 60<\/td><\/tr><tr><td>Klasa 8a<\/td><td>Donata Micha\u0142us<\/td><td>sala 59<\/td><\/tr><tr><td>Klasa 8b<\/td><td>Dorota Pilc-Czarnecka<\/td><td>sala 51<\/td><\/tr><\/tbody><\/table><\/figure>\n","protected":false},"excerpt":{"rendered":"<p>Klasa 1a Izabela Pa\u0144czyk sala 21 Klasa 1b Katarzyna Kowalewska sala 57 Klasa 2a Miros\u0142awa Bariasz sala 37 Klasa 2b Emilia Janusik sala 38 Klasa 3a Lidia Gula sala 31 Klasa 3b Monika Posiak sala 58 Klasa 4a Tomasz Jakubczak&hellip; <a class=\"continue\" href=\"https:\/\/sp58lodz.edu.pl\/?page_id=2757\">Continue Reading<span> Wychowawcy klas<\/span><\/a><\/p>\n","protected":false},"author":2,"featured_media":0,"parent":0,"menu_order":0,"comment_status":"closed","ping_status":"closed","template":"","meta":{"footnotes":""},"class_list":["post-2757","page","type-page","status-publish","hentry"],"yoast_head":"<!-- This site is optimized with the Yoast SEO plugin v27.6 - https:\/\/yoast.com\/product\/yoast-seo-wordpress\/ -->\n<title>Wychowawcy klas - Szko\u0142a Podstawowa nr 58 im. Melchiora Wa\u0144kowicza w \u0141odzi<\/title>\n<meta name=\"robots\" content=\"index, follow, max-snippet:-1, max-image-preview:large, max-video-preview:-1\" \/>\n<link rel=\"canonical\" href=\"https:\/\/sp58lodz.edu.pl\/?page_id=2757\" \/>\n<meta property=\"og:locale\" content=\"pl_PL\" \/>\n<meta property=\"og:type\" content=\"article\" \/>\n<meta property=\"og:title\" content=\"Wychowawcy klas - Szko\u0142a Podstawowa nr 58 im. Melchiora Wa\u0144kowicza w \u0141odzi\" \/>\n<meta property=\"og:description\" content=\"Klasa 1a Izabela Pa\u0144czyk sala 21 Klasa 1b Katarzyna Kowalewska sala 57 Klasa 2a Miros\u0142awa Bariasz sala 37 Klasa 2b Emilia Janusik sala 38 Klasa 3a Lidia Gula sala 31 Klasa 3b Monika Posiak sala 58 Klasa 4a Tomasz Jakubczak&hellip; Continue Reading Wychowawcy klas\" \/>\n<meta property=\"og:url\" content=\"https:\/\/sp58lodz.edu.pl\/?page_id=2757\" \/>\n<meta property=\"og:site_name\" content=\"Szko\u0142a Podstawowa nr 58 im. Melchiora Wa\u0144kowicza w \u0141odzi\" \/>\n<meta property=\"article:modified_time\" content=\"2025-09-09T07:30:23+00:00\" \/>\n<meta name=\"twitter:card\" content=\"summary_large_image\" \/>\n<meta name=\"twitter:label1\" content=\"Szacowany czas czytania\" \/>\n\t<meta name=\"twitter:data1\" content=\"1 minuta\" \/>\n<script type=\"application\/ld+json\" class=\"yoast-schema-graph\">{\"@context\":\"https:\\\/\\\/schema.org\",\"@graph\":[{\"@type\":\"WebPage\",\"@id\":\"https:\\\/\\\/sp58lodz.edu.pl\\\/?page_id=2757\",\"url\":\"https:\\\/\\\/sp58lodz.edu.pl\\\/?page_id=2757\",\"name\":\"Wychowawcy klas - Szko\u0142a Podstawowa nr 58 im. Melchiora Wa\u0144kowicza w \u0141odzi\",\"isPartOf\":{\"@id\":\"https:\\\/\\\/sp58lodz.edu.pl\\\/#website\"},\"datePublished\":\"2020-09-03T11:46:57+00:00\",\"dateModified\":\"2025-09-09T07:30:23+00:00\",\"breadcrumb\":{\"@id\":\"https:\\\/\\\/sp58lodz.edu.pl\\\/?page_id=2757#breadcrumb\"},\"inLanguage\":\"pl-PL\",\"potentialAction\":[{\"@type\":\"ReadAction\",\"target\":[\"https:\\\/\\\/sp58lodz.edu.pl\\\/?page_id=2757\"]}]},{\"@type\":\"BreadcrumbList\",\"@id\":\"https:\\\/\\\/sp58lodz.edu.pl\\\/?page_id=2757#breadcrumb\",\"itemListElement\":[{\"@type\":\"ListItem\",\"position\":1,\"name\":\"Strona g\u0142\u00f3wna\",\"item\":\"https:\\\/\\\/sp58lodz.edu.pl\\\/\"},{\"@type\":\"ListItem\",\"position\":2,\"name\":\"Wychowawcy klas\"}]},{\"@type\":\"WebSite\",\"@id\":\"https:\\\/\\\/sp58lodz.edu.pl\\\/#website\",\"url\":\"https:\\\/\\\/sp58lodz.edu.pl\\\/\",\"name\":\"Szko\u0142a Podstawowa nr 58 im. Melchiora Wa\u0144kowicza w \u0141odzi\",\"description\":\"Strona Szko\u0142y Podstawowej nr 58 w \u0141odzi\",\"publisher\":{\"@id\":\"https:\\\/\\\/sp58lodz.edu.pl\\\/#organization\"},\"potentialAction\":[{\"@type\":\"SearchAction\",\"target\":{\"@type\":\"EntryPoint\",\"urlTemplate\":\"https:\\\/\\\/sp58lodz.edu.pl\\\/?s={search_term_string}\"},\"query-input\":{\"@type\":\"PropertyValueSpecification\",\"valueRequired\":true,\"valueName\":\"search_term_string\"}}],\"inLanguage\":\"pl-PL\"},{\"@type\":\"Organization\",\"@id\":\"https:\\\/\\\/sp58lodz.edu.pl\\\/#organization\",\"name\":\"Szko\u0142a Podstawowa nr 58 im. Melchiora Wa\u0144kowicza w \u0141odzi\",\"url\":\"https:\\\/\\\/sp58lodz.edu.pl\\\/\",\"logo\":{\"@type\":\"ImageObject\",\"inLanguage\":\"pl-PL\",\"@id\":\"https:\\\/\\\/sp58lodz.edu.pl\\\/#\\\/schema\\\/logo\\\/image\\\/\",\"url\":\"https:\\\/\\\/sp58lodz.edu.pl\\\/wp-content\\\/uploads\\\/2019\\\/01\\\/cropped-cropped-logo_pat-e1601973191516.png\",\"contentUrl\":\"https:\\\/\\\/sp58lodz.edu.pl\\\/wp-content\\\/uploads\\\/2019\\\/01\\\/cropped-cropped-logo_pat-e1601973191516.png\",\"width\":140,\"height\":140,\"caption\":\"Szko\u0142a Podstawowa nr 58 im. Melchiora Wa\u0144kowicza w \u0141odzi\"},\"image\":{\"@id\":\"https:\\\/\\\/sp58lodz.edu.pl\\\/#\\\/schema\\\/logo\\\/image\\\/\"}}]}<\/script>\n<!-- \/ Yoast SEO plugin. -->","yoast_head_json":{"title":"Wychowawcy klas - Szko\u0142a Podstawowa nr 58 im. Melchiora Wa\u0144kowicza w \u0141odzi","robots":{"index":"index","follow":"follow","max-snippet":"max-snippet:-1","max-image-preview":"max-image-preview:large","max-video-preview":"max-video-preview:-1"},"canonical":"https:\/\/sp58lodz.edu.pl\/?page_id=2757","og_locale":"pl_PL","og_type":"article","og_title":"Wychowawcy klas - Szko\u0142a Podstawowa nr 58 im. Melchiora Wa\u0144kowicza w \u0141odzi","og_description":"Klasa 1a Izabela Pa\u0144czyk sala 21 Klasa 1b Katarzyna Kowalewska sala 57 Klasa 2a Miros\u0142awa Bariasz sala 37 Klasa 2b Emilia Janusik sala 38 Klasa 3a Lidia Gula sala 31 Klasa 3b Monika Posiak sala 58 Klasa 4a Tomasz Jakubczak&hellip; Continue Reading Wychowawcy klas","og_url":"https:\/\/sp58lodz.edu.pl\/?page_id=2757","og_site_name":"Szko\u0142a Podstawowa nr 58 im. Melchiora Wa\u0144kowicza w \u0141odzi","article_modified_time":"2025-09-09T07:30:23+00:00","twitter_card":"summary_large_image","twitter_misc":{"Szacowany czas czytania":"1 minuta"},"schema":{"@context":"https:\/\/schema.org","@graph":[{"@type":"WebPage","@id":"https:\/\/sp58lodz.edu.pl\/?page_id=2757","url":"https:\/\/sp58lodz.edu.pl\/?page_id=2757","name":"Wychowawcy klas - Szko\u0142a Podstawowa nr 58 im. Melchiora Wa\u0144kowicza w \u0141odzi","isPartOf":{"@id":"https:\/\/sp58lodz.edu.pl\/#website"},"datePublished":"2020-09-03T11:46:57+00:00","dateModified":"2025-09-09T07:30:23+00:00","breadcrumb":{"@id":"https:\/\/sp58lodz.edu.pl\/?page_id=2757#breadcrumb"},"inLanguage":"pl-PL","potentialAction":[{"@type":"ReadAction","target":["https:\/\/sp58lodz.edu.pl\/?page_id=2757"]}]},{"@type":"BreadcrumbList","@id":"https:\/\/sp58lodz.edu.pl\/?page_id=2757#breadcrumb","itemListElement":[{"@type":"ListItem","position":1,"name":"Strona g\u0142\u00f3wna","item":"https:\/\/sp58lodz.edu.pl\/"},{"@type":"ListItem","position":2,"name":"Wychowawcy klas"}]},{"@type":"WebSite","@id":"https:\/\/sp58lodz.edu.pl\/#website","url":"https:\/\/sp58lodz.edu.pl\/","name":"Szko\u0142a Podstawowa nr 58 im. Melchiora Wa\u0144kowicza w \u0141odzi","description":"Strona Szko\u0142y Podstawowej nr 58 w \u0141odzi","publisher":{"@id":"https:\/\/sp58lodz.edu.pl\/#organization"},"potentialAction":[{"@type":"SearchAction","target":{"@type":"EntryPoint","urlTemplate":"https:\/\/sp58lodz.edu.pl\/?s={search_term_string}"},"query-input":{"@type":"PropertyValueSpecification","valueRequired":true,"valueName":"search_term_string"}}],"inLanguage":"pl-PL"},{"@type":"Organization","@id":"https:\/\/sp58lodz.edu.pl\/#organization","name":"Szko\u0142a Podstawowa nr 58 im. Melchiora Wa\u0144kowicza w \u0141odzi","url":"https:\/\/sp58lodz.edu.pl\/","logo":{"@type":"ImageObject","inLanguage":"pl-PL","@id":"https:\/\/sp58lodz.edu.pl\/#\/schema\/logo\/image\/","url":"https:\/\/sp58lodz.edu.pl\/wp-content\/uploads\/2019\/01\/cropped-cropped-logo_pat-e1601973191516.png","contentUrl":"https:\/\/sp58lodz.edu.pl\/wp-content\/uploads\/2019\/01\/cropped-cropped-logo_pat-e1601973191516.png","width":140,"height":140,"caption":"Szko\u0142a Podstawowa nr 58 im. Melchiora Wa\u0144kowicza w \u0141odzi"},"image":{"@id":"https:\/\/sp58lodz.edu.pl\/#\/schema\/logo\/image\/"}}]}},"_links":{"self":[{"href":"https:\/\/sp58lodz.edu.pl\/index.php?rest_route=\/wp\/v2\/pages\/2757","targetHints":{"allow":["GET"]}}],"collection":[{"href":"https:\/\/sp58lodz.edu.pl\/index.php?rest_route=\/wp\/v2\/pages"}],"about":[{"href":"https:\/\/sp58lodz.edu.pl\/index.php?rest_route=\/wp\/v2\/types\/page"}],"author":[{"embeddable":true,"href":"https:\/\/sp58lodz.edu.pl\/index.php?rest_route=\/wp\/v2\/users\/2"}],"replies":[{"embeddable":true,"href":"https:\/\/sp58lodz.edu.pl\/index.php?rest_route=%2Fwp%2Fv2%2Fcomments&post=2757"}],"version-history":[{"count":10,"href":"https:\/\/sp58lodz.edu.pl\/index.php?rest_route=\/wp\/v2\/pages\/2757\/revisions"}],"predecessor-version":[{"id":7592,"href":"https:\/\/sp58lodz.edu.pl\/index.php?rest_route=\/wp\/v2\/pages\/2757\/revisions\/7592"}],"wp:attachment":[{"href":"https:\/\/sp58lodz.edu.pl\/index.php?rest_route=%2Fwp%2Fv2%2Fmedia&parent=2757"}],"curies":[{"name":"wp","href":"https:\/\/api.w.org\/{rel}","templated":true}]}}