{"id":1254,"date":"2019-06-18T10:01:32","date_gmt":"2019-06-18T10:01:32","guid":{"rendered":"https:\/\/sp58lodz.edu.pl\/?page_id=1254"},"modified":"2021-10-28T13:03:06","modified_gmt":"2021-10-28T12:03:06","slug":"stypendia-i-zasilki-2019","status":"publish","type":"page","link":"https:\/\/sp58lodz.edu.pl\/?page_id=1254","title":{"rendered":"Stypendia i zasi\u0142ki"},"content":{"rendered":"\n<p><a href=\"https:\/\/sp58lodz.edu.pl\/wp-content\/uploads\/2019\/06\/Wniosek-stypendium.docx\">Wniosek o stypendium<\/a><\/p>\n\n\n\n<p><a href=\"https:\/\/sp58lodz.edu.pl\/wp-content\/uploads\/2019\/06\/Wniosek-zasi\u0142ek.docx\">Wniosek o zasi\u0142ek<\/a><\/p>\n\n\n\n<figure class=\"wp-block-image\"><img loading=\"lazy\" decoding=\"async\" width=\"718\" height=\"1024\" src=\"https:\/\/sp58lodz.edu.pl\/wp-content\/uploads\/2019\/06\/pismo-s1-718x1024.jpg\" alt=\"\" class=\"wp-image-1261\" srcset=\"https:\/\/sp58lodz.edu.pl\/wp-content\/uploads\/2019\/06\/pismo-s1-718x1024.jpg 718w, https:\/\/sp58lodz.edu.pl\/wp-content\/uploads\/2019\/06\/pismo-s1-210x300.jpg 210w, https:\/\/sp58lodz.edu.pl\/wp-content\/uploads\/2019\/06\/pismo-s1-768x1095.jpg 768w, https:\/\/sp58lodz.edu.pl\/wp-content\/uploads\/2019\/06\/pismo-s1-189x270.jpg 189w\" sizes=\"auto, (max-width: 718px) 100vw, 718px\" \/><\/figure>\n\n\n\n<figure class=\"wp-block-image\"><img loading=\"lazy\" decoding=\"async\" width=\"718\" height=\"1024\" src=\"https:\/\/sp58lodz.edu.pl\/wp-content\/uploads\/2019\/06\/pismo-s2-718x1024.jpg\" alt=\"\" class=\"wp-image-1262\" srcset=\"https:\/\/sp58lodz.edu.pl\/wp-content\/uploads\/2019\/06\/pismo-s2-718x1024.jpg 718w, https:\/\/sp58lodz.edu.pl\/wp-content\/uploads\/2019\/06\/pismo-s2-210x300.jpg 210w, https:\/\/sp58lodz.edu.pl\/wp-content\/uploads\/2019\/06\/pismo-s2-768x1095.jpg 768w, https:\/\/sp58lodz.edu.pl\/wp-content\/uploads\/2019\/06\/pismo-s2-189x270.jpg 189w\" sizes=\"auto, (max-width: 718px) 100vw, 718px\" \/><\/figure>\n\n\n\n<figure class=\"wp-block-image\"><img loading=\"lazy\" decoding=\"async\" width=\"718\" height=\"1024\" src=\"https:\/\/sp58lodz.edu.pl\/wp-content\/uploads\/2019\/06\/informacja-stypendia-s1-718x1024.jpg\" alt=\"\" class=\"wp-image-1257\" srcset=\"https:\/\/sp58lodz.edu.pl\/wp-content\/uploads\/2019\/06\/informacja-stypendia-s1-718x1024.jpg 718w, https:\/\/sp58lodz.edu.pl\/wp-content\/uploads\/2019\/06\/informacja-stypendia-s1-210x300.jpg 210w, https:\/\/sp58lodz.edu.pl\/wp-content\/uploads\/2019\/06\/informacja-stypendia-s1-768x1095.jpg 768w, https:\/\/sp58lodz.edu.pl\/wp-content\/uploads\/2019\/06\/informacja-stypendia-s1-189x270.jpg 189w\" sizes=\"auto, (max-width: 718px) 100vw, 718px\" \/><\/figure>\n\n\n\n<figure class=\"wp-block-image\"><img loading=\"lazy\" decoding=\"async\" width=\"718\" height=\"1024\" src=\"https:\/\/sp58lodz.edu.pl\/wp-content\/uploads\/2019\/06\/informacja-stypendia-s2-718x1024.jpg\" alt=\"\" class=\"wp-image-1258\" srcset=\"https:\/\/sp58lodz.edu.pl\/wp-content\/uploads\/2019\/06\/informacja-stypendia-s2-718x1024.jpg 718w, https:\/\/sp58lodz.edu.pl\/wp-content\/uploads\/2019\/06\/informacja-stypendia-s2-210x300.jpg 210w, https:\/\/sp58lodz.edu.pl\/wp-content\/uploads\/2019\/06\/informacja-stypendia-s2-768x1095.jpg 768w, https:\/\/sp58lodz.edu.pl\/wp-content\/uploads\/2019\/06\/informacja-stypendia-s2-189x270.jpg 189w\" sizes=\"auto, (max-width: 718px) 100vw, 718px\" \/><\/figure>\n\n\n\n<figure class=\"wp-block-image\"><img loading=\"lazy\" decoding=\"async\" width=\"718\" height=\"1024\" src=\"https:\/\/sp58lodz.edu.pl\/wp-content\/uploads\/2019\/06\/informacja-zasi\u0142ek-s1-718x1024.jpg\" alt=\"\" class=\"wp-image-1259\" srcset=\"https:\/\/sp58lodz.edu.pl\/wp-content\/uploads\/2019\/06\/informacja-zasi\u0142ek-s1-718x1024.jpg 718w, https:\/\/sp58lodz.edu.pl\/wp-content\/uploads\/2019\/06\/informacja-zasi\u0142ek-s1-210x300.jpg 210w, https:\/\/sp58lodz.edu.pl\/wp-content\/uploads\/2019\/06\/informacja-zasi\u0142ek-s1-768x1095.jpg 768w, https:\/\/sp58lodz.edu.pl\/wp-content\/uploads\/2019\/06\/informacja-zasi\u0142ek-s1-189x270.jpg 189w\" sizes=\"auto, (max-width: 718px) 100vw, 718px\" \/><\/figure>\n\n\n\n<figure class=\"wp-block-image\"><img loading=\"lazy\" decoding=\"async\" width=\"718\" height=\"1024\" src=\"https:\/\/sp58lodz.edu.pl\/wp-content\/uploads\/2019\/06\/informacja-zasi\u0142ek-s2-718x1024.jpg\" alt=\"\" class=\"wp-image-1260\" srcset=\"https:\/\/sp58lodz.edu.pl\/wp-content\/uploads\/2019\/06\/informacja-zasi\u0142ek-s2-718x1024.jpg 718w, https:\/\/sp58lodz.edu.pl\/wp-content\/uploads\/2019\/06\/informacja-zasi\u0142ek-s2-210x300.jpg 210w, https:\/\/sp58lodz.edu.pl\/wp-content\/uploads\/2019\/06\/informacja-zasi\u0142ek-s2-768x1095.jpg 768w, https:\/\/sp58lodz.edu.pl\/wp-content\/uploads\/2019\/06\/informacja-zasi\u0142ek-s2-189x270.jpg 189w\" sizes=\"auto, (max-width: 718px) 100vw, 718px\" \/><\/figure>\n\n\n\n<figure class=\"wp-block-image\"><img loading=\"lazy\" decoding=\"async\" width=\"718\" height=\"1024\" src=\"https:\/\/sp58lodz.edu.pl\/wp-content\/uploads\/2019\/06\/harmonogram-dy\u017cur\u00f3w-718x1024.jpg\" alt=\"\" class=\"wp-image-1256\" srcset=\"https:\/\/sp58lodz.edu.pl\/wp-content\/uploads\/2019\/06\/harmonogram-dy\u017cur\u00f3w-718x1024.jpg 718w, https:\/\/sp58lodz.edu.pl\/wp-content\/uploads\/2019\/06\/harmonogram-dy\u017cur\u00f3w-210x300.jpg 210w, https:\/\/sp58lodz.edu.pl\/wp-content\/uploads\/2019\/06\/harmonogram-dy\u017cur\u00f3w-768x1095.jpg 768w, https:\/\/sp58lodz.edu.pl\/wp-content\/uploads\/2019\/06\/harmonogram-dy\u017cur\u00f3w-189x270.jpg 189w\" sizes=\"auto, (max-width: 718px) 100vw, 718px\" \/><\/figure>\n","protected":false},"excerpt":{"rendered":"<p>Wniosek o stypendium Wniosek o zasi\u0142ek<\/p>\n","protected":false},"author":2,"featured_media":0,"parent":0,"menu_order":0,"comment_status":"closed","ping_status":"closed","template":"","meta":{"footnotes":""},"class_list":["post-1254","page","type-page","status-publish","hentry"],"yoast_head":"<!-- This site is optimized with the Yoast SEO plugin v27.5 - https:\/\/yoast.com\/product\/yoast-seo-wordpress\/ -->\n<title>Stypendia i zasi\u0142ki - Szko\u0142a Podstawowa nr 58 im. Melchiora Wa\u0144kowicza w \u0141odzi<\/title>\n<meta name=\"robots\" content=\"index, follow, max-snippet:-1, max-image-preview:large, max-video-preview:-1\" \/>\n<link rel=\"canonical\" href=\"https:\/\/sp58lodz.edu.pl\/?page_id=1254\" \/>\n<meta property=\"og:locale\" content=\"pl_PL\" \/>\n<meta property=\"og:type\" content=\"article\" \/>\n<meta property=\"og:title\" content=\"Stypendia i zasi\u0142ki - Szko\u0142a Podstawowa nr 58 im. Melchiora Wa\u0144kowicza w \u0141odzi\" \/>\n<meta property=\"og:description\" content=\"Wniosek o stypendium Wniosek o zasi\u0142ek\" \/>\n<meta property=\"og:url\" content=\"https:\/\/sp58lodz.edu.pl\/?page_id=1254\" \/>\n<meta property=\"og:site_name\" content=\"Szko\u0142a Podstawowa nr 58 im. Melchiora Wa\u0144kowicza w \u0141odzi\" \/>\n<meta property=\"article:modified_time\" content=\"2021-10-28T12:03:06+00:00\" \/>\n<meta property=\"og:image\" content=\"https:\/\/sp58lodz.edu.pl\/wp-content\/uploads\/2019\/06\/pismo-s1-718x1024.jpg\" \/>\n<meta name=\"twitter:card\" content=\"summary_large_image\" \/>\n<meta name=\"twitter:label1\" content=\"Szacowany czas czytania\" \/>\n\t<meta name=\"twitter:data1\" content=\"2 minuty\" \/>\n<script type=\"application\/ld+json\" class=\"yoast-schema-graph\">{\"@context\":\"https:\\\/\\\/schema.org\",\"@graph\":[{\"@type\":\"WebPage\",\"@id\":\"https:\\\/\\\/sp58lodz.edu.pl\\\/?page_id=1254\",\"url\":\"https:\\\/\\\/sp58lodz.edu.pl\\\/?page_id=1254\",\"name\":\"Stypendia i zasi\u0142ki - Szko\u0142a Podstawowa nr 58 im. Melchiora Wa\u0144kowicza w \u0141odzi\",\"isPartOf\":{\"@id\":\"https:\\\/\\\/sp58lodz.edu.pl\\\/#website\"},\"primaryImageOfPage\":{\"@id\":\"https:\\\/\\\/sp58lodz.edu.pl\\\/?page_id=1254#primaryimage\"},\"image\":{\"@id\":\"https:\\\/\\\/sp58lodz.edu.pl\\\/?page_id=1254#primaryimage\"},\"thumbnailUrl\":\"https:\\\/\\\/sp58lodz.edu.pl\\\/wp-content\\\/uploads\\\/2019\\\/06\\\/pismo-s1-718x1024.jpg\",\"datePublished\":\"2019-06-18T10:01:32+00:00\",\"dateModified\":\"2021-10-28T12:03:06+00:00\",\"breadcrumb\":{\"@id\":\"https:\\\/\\\/sp58lodz.edu.pl\\\/?page_id=1254#breadcrumb\"},\"inLanguage\":\"pl-PL\",\"potentialAction\":[{\"@type\":\"ReadAction\",\"target\":[\"https:\\\/\\\/sp58lodz.edu.pl\\\/?page_id=1254\"]}]},{\"@type\":\"ImageObject\",\"inLanguage\":\"pl-PL\",\"@id\":\"https:\\\/\\\/sp58lodz.edu.pl\\\/?page_id=1254#primaryimage\",\"url\":\"https:\\\/\\\/sp58lodz.edu.pl\\\/wp-content\\\/uploads\\\/2019\\\/06\\\/pismo-s1.jpg\",\"contentUrl\":\"https:\\\/\\\/sp58lodz.edu.pl\\\/wp-content\\\/uploads\\\/2019\\\/06\\\/pismo-s1.jpg\",\"width\":2409,\"height\":3436},{\"@type\":\"BreadcrumbList\",\"@id\":\"https:\\\/\\\/sp58lodz.edu.pl\\\/?page_id=1254#breadcrumb\",\"itemListElement\":[{\"@type\":\"ListItem\",\"position\":1,\"name\":\"Strona g\u0142\u00f3wna\",\"item\":\"https:\\\/\\\/sp58lodz.edu.pl\\\/\"},{\"@type\":\"ListItem\",\"position\":2,\"name\":\"Stypendia i zasi\u0142ki\"}]},{\"@type\":\"WebSite\",\"@id\":\"https:\\\/\\\/sp58lodz.edu.pl\\\/#website\",\"url\":\"https:\\\/\\\/sp58lodz.edu.pl\\\/\",\"name\":\"Szko\u0142a Podstawowa nr 58 im. Melchiora Wa\u0144kowicza w \u0141odzi\",\"description\":\"Strona Szko\u0142y Podstawowej nr 58 w \u0141odzi\",\"publisher\":{\"@id\":\"https:\\\/\\\/sp58lodz.edu.pl\\\/#organization\"},\"potentialAction\":[{\"@type\":\"SearchAction\",\"target\":{\"@type\":\"EntryPoint\",\"urlTemplate\":\"https:\\\/\\\/sp58lodz.edu.pl\\\/?s={search_term_string}\"},\"query-input\":{\"@type\":\"PropertyValueSpecification\",\"valueRequired\":true,\"valueName\":\"search_term_string\"}}],\"inLanguage\":\"pl-PL\"},{\"@type\":\"Organization\",\"@id\":\"https:\\\/\\\/sp58lodz.edu.pl\\\/#organization\",\"name\":\"Szko\u0142a Podstawowa nr 58 im. Melchiora Wa\u0144kowicza w \u0141odzi\",\"url\":\"https:\\\/\\\/sp58lodz.edu.pl\\\/\",\"logo\":{\"@type\":\"ImageObject\",\"inLanguage\":\"pl-PL\",\"@id\":\"https:\\\/\\\/sp58lodz.edu.pl\\\/#\\\/schema\\\/logo\\\/image\\\/\",\"url\":\"https:\\\/\\\/sp58lodz.edu.pl\\\/wp-content\\\/uploads\\\/2019\\\/01\\\/cropped-cropped-logo_pat-e1601973191516.png\",\"contentUrl\":\"https:\\\/\\\/sp58lodz.edu.pl\\\/wp-content\\\/uploads\\\/2019\\\/01\\\/cropped-cropped-logo_pat-e1601973191516.png\",\"width\":140,\"height\":140,\"caption\":\"Szko\u0142a Podstawowa nr 58 im. Melchiora Wa\u0144kowicza w \u0141odzi\"},\"image\":{\"@id\":\"https:\\\/\\\/sp58lodz.edu.pl\\\/#\\\/schema\\\/logo\\\/image\\\/\"}}]}<\/script>\n<!-- \/ Yoast SEO plugin. -->","yoast_head_json":{"title":"Stypendia i zasi\u0142ki - Szko\u0142a Podstawowa nr 58 im. Melchiora Wa\u0144kowicza w \u0141odzi","robots":{"index":"index","follow":"follow","max-snippet":"max-snippet:-1","max-image-preview":"max-image-preview:large","max-video-preview":"max-video-preview:-1"},"canonical":"https:\/\/sp58lodz.edu.pl\/?page_id=1254","og_locale":"pl_PL","og_type":"article","og_title":"Stypendia i zasi\u0142ki - Szko\u0142a Podstawowa nr 58 im. Melchiora Wa\u0144kowicza w \u0141odzi","og_description":"Wniosek o stypendium Wniosek o zasi\u0142ek","og_url":"https:\/\/sp58lodz.edu.pl\/?page_id=1254","og_site_name":"Szko\u0142a Podstawowa nr 58 im. Melchiora Wa\u0144kowicza w \u0141odzi","article_modified_time":"2021-10-28T12:03:06+00:00","og_image":[{"url":"https:\/\/sp58lodz.edu.pl\/wp-content\/uploads\/2019\/06\/pismo-s1-718x1024.jpg","type":"","width":"","height":""}],"twitter_card":"summary_large_image","twitter_misc":{"Szacowany czas czytania":"2 minuty"},"schema":{"@context":"https:\/\/schema.org","@graph":[{"@type":"WebPage","@id":"https:\/\/sp58lodz.edu.pl\/?page_id=1254","url":"https:\/\/sp58lodz.edu.pl\/?page_id=1254","name":"Stypendia i zasi\u0142ki - Szko\u0142a Podstawowa nr 58 im. Melchiora Wa\u0144kowicza w \u0141odzi","isPartOf":{"@id":"https:\/\/sp58lodz.edu.pl\/#website"},"primaryImageOfPage":{"@id":"https:\/\/sp58lodz.edu.pl\/?page_id=1254#primaryimage"},"image":{"@id":"https:\/\/sp58lodz.edu.pl\/?page_id=1254#primaryimage"},"thumbnailUrl":"https:\/\/sp58lodz.edu.pl\/wp-content\/uploads\/2019\/06\/pismo-s1-718x1024.jpg","datePublished":"2019-06-18T10:01:32+00:00","dateModified":"2021-10-28T12:03:06+00:00","breadcrumb":{"@id":"https:\/\/sp58lodz.edu.pl\/?page_id=1254#breadcrumb"},"inLanguage":"pl-PL","potentialAction":[{"@type":"ReadAction","target":["https:\/\/sp58lodz.edu.pl\/?page_id=1254"]}]},{"@type":"ImageObject","inLanguage":"pl-PL","@id":"https:\/\/sp58lodz.edu.pl\/?page_id=1254#primaryimage","url":"https:\/\/sp58lodz.edu.pl\/wp-content\/uploads\/2019\/06\/pismo-s1.jpg","contentUrl":"https:\/\/sp58lodz.edu.pl\/wp-content\/uploads\/2019\/06\/pismo-s1.jpg","width":2409,"height":3436},{"@type":"BreadcrumbList","@id":"https:\/\/sp58lodz.edu.pl\/?page_id=1254#breadcrumb","itemListElement":[{"@type":"ListItem","position":1,"name":"Strona g\u0142\u00f3wna","item":"https:\/\/sp58lodz.edu.pl\/"},{"@type":"ListItem","position":2,"name":"Stypendia i zasi\u0142ki"}]},{"@type":"WebSite","@id":"https:\/\/sp58lodz.edu.pl\/#website","url":"https:\/\/sp58lodz.edu.pl\/","name":"Szko\u0142a Podstawowa nr 58 im. Melchiora Wa\u0144kowicza w \u0141odzi","description":"Strona Szko\u0142y Podstawowej nr 58 w \u0141odzi","publisher":{"@id":"https:\/\/sp58lodz.edu.pl\/#organization"},"potentialAction":[{"@type":"SearchAction","target":{"@type":"EntryPoint","urlTemplate":"https:\/\/sp58lodz.edu.pl\/?s={search_term_string}"},"query-input":{"@type":"PropertyValueSpecification","valueRequired":true,"valueName":"search_term_string"}}],"inLanguage":"pl-PL"},{"@type":"Organization","@id":"https:\/\/sp58lodz.edu.pl\/#organization","name":"Szko\u0142a Podstawowa nr 58 im. Melchiora Wa\u0144kowicza w \u0141odzi","url":"https:\/\/sp58lodz.edu.pl\/","logo":{"@type":"ImageObject","inLanguage":"pl-PL","@id":"https:\/\/sp58lodz.edu.pl\/#\/schema\/logo\/image\/","url":"https:\/\/sp58lodz.edu.pl\/wp-content\/uploads\/2019\/01\/cropped-cropped-logo_pat-e1601973191516.png","contentUrl":"https:\/\/sp58lodz.edu.pl\/wp-content\/uploads\/2019\/01\/cropped-cropped-logo_pat-e1601973191516.png","width":140,"height":140,"caption":"Szko\u0142a Podstawowa nr 58 im. Melchiora Wa\u0144kowicza w \u0141odzi"},"image":{"@id":"https:\/\/sp58lodz.edu.pl\/#\/schema\/logo\/image\/"}}]}},"_links":{"self":[{"href":"https:\/\/sp58lodz.edu.pl\/index.php?rest_route=\/wp\/v2\/pages\/1254","targetHints":{"allow":["GET"]}}],"collection":[{"href":"https:\/\/sp58lodz.edu.pl\/index.php?rest_route=\/wp\/v2\/pages"}],"about":[{"href":"https:\/\/sp58lodz.edu.pl\/index.php?rest_route=\/wp\/v2\/types\/page"}],"author":[{"embeddable":true,"href":"https:\/\/sp58lodz.edu.pl\/index.php?rest_route=\/wp\/v2\/users\/2"}],"replies":[{"embeddable":true,"href":"https:\/\/sp58lodz.edu.pl\/index.php?rest_route=%2Fwp%2Fv2%2Fcomments&post=1254"}],"version-history":[{"count":6,"href":"https:\/\/sp58lodz.edu.pl\/index.php?rest_route=\/wp\/v2\/pages\/1254\/revisions"}],"predecessor-version":[{"id":3988,"href":"https:\/\/sp58lodz.edu.pl\/index.php?rest_route=\/wp\/v2\/pages\/1254\/revisions\/3988"}],"wp:attachment":[{"href":"https:\/\/sp58lodz.edu.pl\/index.php?rest_route=%2Fwp%2Fv2%2Fmedia&parent=1254"}],"curies":[{"name":"wp","href":"https:\/\/api.w.org\/{rel}","templated":true}]}}